{"id":975,"date":"2022-01-18T21:21:36","date_gmt":"2022-01-18T21:21:36","guid":{"rendered":"https:\/\/covid19-a-savoir.net\/?page_id=975"},"modified":"2022-01-18T22:11:46","modified_gmt":"2022-01-18T22:11:46","slug":"covid-avis-d-avocats","status":"publish","type":"page","link":"https:\/\/covid19-a-savoir.net\/index.php\/covid-avis-d-avocats\/","title":{"rendered":"COVID AVIS D AVOCATS"},"content":{"rendered":"<div id=\"dslc-theme-content\"><div id=\"dslc-theme-content-inner\">\n<p class=\"has-vivid-red-color has-text-color has-medium-font-size\"><strong>vaccination des enfants (Covid): avis d\u2019avocat<\/strong><\/p>\n\n\n\n<iframe width=\"260\" height=\"115\" src=\"https:\/\/www.youtube.com\/embed\/Nbc6BTbQo6U\" title=\"YouTube video player\" frameborder=\"0\" allow=\"accelerometer; autoplay; clipboard-write; encrypted-media; gyroscope; picture-in-picture\" allowfullscreen=\"\"><\/iframe>\n\n\n\n<p class=\"has-vivid-red-color has-text-color has-medium-font-size\"><strong>violation du secret m\u00e9dical : exercez vos DROITS !<\/strong><\/p>\n\n\n\n<iframe width=\"260\" height=\"115\" src=\"https:\/\/www.youtube.com\/embed\/CvjF_ph9z_w\" title=\"YouTube video player\" frameborder=\"0\" allow=\"accelerometer; autoplay; clipboard-write; encrypted-media; gyroscope; picture-in-picture\" allowfullscreen=\"\"><\/iframe>\n\n\n\n<p>J\u2019ai test\u00e9 pour vous\u2026la violation automatis\u00e9e ( informatis\u00e9e ) du secret m\u00e9dical ! Et pour cela, j\u2019ai d\u00fb \u00ab me faire tester \u00bb ! Dans cette vid\u00e9o, je vous raconte mes p\u00e9riples dans deux laboratoires d\u2019analyses m\u00e9dicales, et les d\u00e9couvertes \u00e9tonnantes (pour ne pas dire \u00e9difiantes) que j\u2019ai faites \u00e0 cette occasion. SI-DEP, \u00e7a vous dit quelque chose ? Et le mot \u00ab alerte \u00bb ? En parlant d\u2019alerte, vous vous souvenez de la fin du film \u00ab Terminator 2 \u00bb de James Cameron (excusez du peu !) ? Un film \u00e0 conseiller \u00e0 tous ceux qui ne comprennent pas notre combat contre le pass sanitaire\u2026 Evitons qu\u2019un jour, il soit trop tard\u2026 SI-DEP\u2026SKY-NET\u2026Vous prendrez bien encore quelques sigles ? Quoi qu\u2019il arrive, gardons toujours conscience de ceci : un droit est perdu si on ne l\u2019exerce pas. Parole d&rsquo;avocate : Covid 19 ou pas, on ne transige pas (plus ) avec nos libert\u00e9s !<\/p>\n\n\n\n<p><\/p>\n\n\n\n<p class=\"has-vivid-red-color has-text-color has-medium-font-size\"><strong>Flou juridique autour des nouvelles mesures anti-Covid : d\u00e9cryptage de l\u2019avocat Christophe No\u00ebl<\/strong><\/p>\n\n\n\n<iframe width=\"260\" height=\"115\" src=\"https:\/\/www.youtube.com\/embed\/FXwfGKB9ul8\" title=\"YouTube video player\" frameborder=\"0\" allow=\"accelerometer; autoplay; clipboard-write; encrypted-media; gyroscope; picture-in-picture\" allowfullscreen=\"\"><\/iframe>\n\n\n\n<p><\/p>\n\n\n\n<p class=\"has-vivid-red-color has-text-color has-large-font-size\"><strong>Messages de Maitre Divizio (avocat) 2022<\/strong><\/p>\n\n\n\n<iframe id=\"odysee-iframe\" width=\"260\" height=\"115\" src=\"https:\/\/odysee.com\/$\/embed\/27anonyme_arlequin_20220109_12\/3a837bdb69e930b997ce70837886cff4e5655b22?r=i6L9JmkdgP5RoQ4mbRLZqBMn1F1Dswjn\" allowfullscreen=\"\"><\/iframe>\n\n\n\n<p class=\"has-vivid-red-color has-text-color has-medium-font-size\"><strong>Ma\u00eetre Divizio d\u00e9truit la strat\u00e9gie du gouvernement !.<\/strong><\/p>\n\n\n\n<iframe id=\"odysee-iframe\" width=\"260\" height=\"115\" src=\"https:\/\/odysee.com\/$\/embed\/Ma%C3%AEtre-Divizio-d%C3%A9truit-la-strat%C3%A9gie-du-gouvernement-!\/2c78701379da45a4a9a9f6929aa2dd88f3977323?r=i6L9JmkdgP5RoQ4mbRLZqBMn1F1Dswjn\" allowfullscreen=\"\"><\/iframe>\n\n\n\n<p class=\"has-vivid-red-color has-text-color has-medium-font-size\"><strong>Avocat Fabrice Divizio #Touchepasamesgosses<\/strong><\/p>\n\n\n\n<iframe id=\"odysee-iframe\" width=\"260\" height=\"115\" src=\"https:\/\/odysee.com\/$\/embed\/2022-01-03-231945941\/f2ead33a0cbd5a88d6c20f1b667cd58d6a155651?r=i6L9JmkdgP5RoQ4mbRLZqBMn1F1Dswjn\" allowfullscreen=\"\"><\/iframe>\n\n\n\n<p class=\"has-vivid-red-color has-text-color has-medium-font-size\"><strong>Fabrice Divizio va Saisir le CSA Contre #CNews \u00ab se d\u00e9barrasser des antivax \u00bb<\/strong><\/p>\n\n\n\n<iframe id=\"odysee-iframe\" width=\"260\" height=\"115\" src=\"https:\/\/odysee.com\/$\/embed\/Divisio-1\/7d91bf7166bf803215a21e7142e544550a519572?r=i6L9JmkdgP5RoQ4mbRLZqBMn1F1Dswjn\" allowfullscreen=\"\"><\/iframe>\n\n\n\n<p class=\"has-vivid-red-color has-text-color has-medium-font-size\"><strong>Divizio d\u00e9nonce l&rsquo;injection des enfants et qualifie d&rsquo;une gravit\u00e9 exceptionnelle d&rsquo;injecter un produit qui provoque des myocardites.<\/strong><\/p>\n\n\n\n<iframe id=\"odysee-iframe\" width=\"260\" height=\"115\" src=\"https:\/\/odysee.com\/$\/embed\/Divizio-injection-enfants-provoque-myocardites\/82e1db5823b7c9a853a86e7bce63646f0433f1a3?r=i6L9JmkdgP5RoQ4mbRLZqBMn1F1Dswjn\" allowfullscreen=\"\"><\/iframe>\n\n\n\n<p class=\"has-vivid-red-color has-text-color has-medium-font-size\"><strong>Ma\u00eetre Divizio sur la situation en Belgique !<\/strong><\/p>\n\n\n\n<iframe id=\"odysee-iframe\" width=\"260\" height=\"115\" src=\"https:\/\/odysee.com\/$\/embed\/Mai%CC%82tre-Divizio-sur-la-situation-en-Belgique-!\/fa22d71d080509e8440a50d04acd615f76b1a5ac?r=i6L9JmkdgP5RoQ4mbRLZqBMn1F1Dswjn\" allowfullscreen=\"\"><\/iframe>\n\n\n\n<p class=\"has-vivid-red-color has-text-color has-medium-font-size\"><strong>Ma\u00eetre Divizio nous offre un courage pour ne pas baisser les bras ! Soyons solidaire !.<\/strong><\/p>\n\n\n\n<figure class=\"wp-block-image size-full\"><img fetchpriority=\"high\" decoding=\"async\" width=\"722\" height=\"315\" src=\"https:\/\/covid19-a-savoir.net\/wp-content\/uploads\/2022\/01\/image-7.png\" alt=\"\" class=\"wp-image-986\" srcset=\"https:\/\/covid19-a-savoir.net\/wp-content\/uploads\/2022\/01\/image-7.png 722w, https:\/\/covid19-a-savoir.net\/wp-content\/uploads\/2022\/01\/image-7-300x131.png 300w\" sizes=\"(max-width: 722px) 100vw, 722px\" \/><\/figure>\n\n\n\n<iframe id=\"odysee-iframe\" width=\"260\" height=\"115\" src=\"https:\/\/odysee.com\/$\/embed\/Ma%C3%AEtre-Divizio-nous-offre-un-courage-pour-ne-pas-baisser-les-bras-!-Soyons-solidaire-!\/20e1f6c905c35ca58637f1eb72cd43cd951bebcc?r=i6L9JmkdgP5RoQ4mbRLZqBMn1F1Dswjn\" allowfullscreen><\/iframe>\n<\/div><\/div>","protected":false},"excerpt":{"rendered":"<p>vaccination des enfants (Covid): avis d\u2019avocat violation du secret m\u00e9dical : exercez vos DROITS ! J\u2019ai test\u00e9 pour vous\u2026la violation&#8230; <a href=\"https:\/\/covid19-a-savoir.net\/index.php\/covid-avis-d-avocats\/\" class=\"readmore\">Read more<span class=\"screen-reader-text\">COVID AVIS D AVOCATS<\/span><span class=\"fa fa-angle-double-right\" aria-hidden=\"true\"><\/span><\/a><\/p>\n","protected":false},"author":1,"featured_media":0,"parent":0,"menu_order":0,"comment_status":"closed","ping_status":"closed","template":"","meta":{"footnotes":""},"yoast_head":"<!-- This site is optimized with the Yoast SEO plugin v23.2 - https:\/\/yoast.com\/wordpress\/plugins\/seo\/ -->\n<title>COVID AVIS D AVOCATS - Actualit\u00e9s, , .... Apr\u00e8s la p\u00e9riode &quot;covid19&quot;<\/title>\n<meta name=\"robots\" content=\"index, follow, max-snippet:-1, max-image-preview:large, max-video-preview:-1\" \/>\n<link rel=\"canonical\" href=\"https:\/\/covid19-a-savoir.net\/index.php\/covid-avis-d-avocats\/\" \/>\n<meta property=\"og:locale\" content=\"fr_FR\" \/>\n<meta property=\"og:type\" content=\"article\" \/>\n<meta property=\"og:title\" content=\"COVID AVIS D AVOCATS - Actualit\u00e9s, , .... Apr\u00e8s la p\u00e9riode &quot;covid19&quot;\" \/>\n<meta property=\"og:description\" content=\"vaccination des enfants (Covid): avis d\u2019avocat violation du secret m\u00e9dical : exercez vos DROITS ! J\u2019ai test\u00e9 pour vous\u2026la violation... Read moreCOVID AVIS D AVOCATS\" \/>\n<meta property=\"og:url\" content=\"https:\/\/covid19-a-savoir.net\/index.php\/covid-avis-d-avocats\/\" \/>\n<meta property=\"og:site_name\" content=\"Actualit\u00e9s, , .... Apr\u00e8s la p\u00e9riode &quot;covid19&quot;\" \/>\n<meta property=\"article:modified_time\" content=\"2022-01-18T22:11:46+00:00\" \/>\n<meta property=\"og:image\" content=\"https:\/\/covid19-a-savoir.net\/wp-content\/uploads\/2022\/01\/image-7.png\" \/>\n<meta name=\"twitter:card\" content=\"summary_large_image\" \/>\n<meta name=\"twitter:label1\" content=\"Dur\u00e9e de lecture estim\u00e9e\" \/>\n\t<meta name=\"twitter:data1\" content=\"1 minute\" \/>\n<script type=\"application\/ld+json\" class=\"yoast-schema-graph\">{\"@context\":\"https:\/\/schema.org\",\"@graph\":[{\"@type\":\"WebPage\",\"@id\":\"https:\/\/covid19-a-savoir.net\/index.php\/covid-avis-d-avocats\/\",\"url\":\"https:\/\/covid19-a-savoir.net\/index.php\/covid-avis-d-avocats\/\",\"name\":\"COVID AVIS D AVOCATS - Actualit\u00e9s, , .... Apr\u00e8s la p\u00e9riode &quot;covid19&quot;\",\"isPartOf\":{\"@id\":\"https:\/\/covid19-a-savoir.net\/#website\"},\"primaryImageOfPage\":{\"@id\":\"https:\/\/covid19-a-savoir.net\/index.php\/covid-avis-d-avocats\/#primaryimage\"},\"image\":{\"@id\":\"https:\/\/covid19-a-savoir.net\/index.php\/covid-avis-d-avocats\/#primaryimage\"},\"thumbnailUrl\":\"https:\/\/covid19-a-savoir.net\/wp-content\/uploads\/2022\/01\/image-7.png\",\"datePublished\":\"2022-01-18T21:21:36+00:00\",\"dateModified\":\"2022-01-18T22:11:46+00:00\",\"breadcrumb\":{\"@id\":\"https:\/\/covid19-a-savoir.net\/index.php\/covid-avis-d-avocats\/#breadcrumb\"},\"inLanguage\":\"fr-FR\",\"potentialAction\":[{\"@type\":\"ReadAction\",\"target\":[\"https:\/\/covid19-a-savoir.net\/index.php\/covid-avis-d-avocats\/\"]}]},{\"@type\":\"ImageObject\",\"inLanguage\":\"fr-FR\",\"@id\":\"https:\/\/covid19-a-savoir.net\/index.php\/covid-avis-d-avocats\/#primaryimage\",\"url\":\"https:\/\/covid19-a-savoir.net\/wp-content\/uploads\/2022\/01\/image-7.png\",\"contentUrl\":\"https:\/\/covid19-a-savoir.net\/wp-content\/uploads\/2022\/01\/image-7.png\",\"width\":722,\"height\":315},{\"@type\":\"BreadcrumbList\",\"@id\":\"https:\/\/covid19-a-savoir.net\/index.php\/covid-avis-d-avocats\/#breadcrumb\",\"itemListElement\":[{\"@type\":\"ListItem\",\"position\":1,\"name\":\"Accueil\",\"item\":\"https:\/\/covid19-a-savoir.net\/\"},{\"@type\":\"ListItem\",\"position\":2,\"name\":\"COVID AVIS D AVOCATS\"}]},{\"@type\":\"WebSite\",\"@id\":\"https:\/\/covid19-a-savoir.net\/#website\",\"url\":\"https:\/\/covid19-a-savoir.net\/\",\"name\":\"Actualit\u00e9s, , .... Apr\u00e8s la p\u00e9riode &quot;covid19&quot;\",\"description\":\"DES V\u00c9RIT\u00c9S QUI D\u00c9RANGENT\",\"publisher\":{\"@id\":\"https:\/\/covid19-a-savoir.net\/#\/schema\/person\/53265987e4424cc7dde2f857d2b378cf\"},\"potentialAction\":[{\"@type\":\"SearchAction\",\"target\":{\"@type\":\"EntryPoint\",\"urlTemplate\":\"https:\/\/covid19-a-savoir.net\/?s={search_term_string}\"},\"query-input\":\"required name=search_term_string\"}],\"inLanguage\":\"fr-FR\"},{\"@type\":[\"Person\",\"Organization\"],\"@id\":\"https:\/\/covid19-a-savoir.net\/#\/schema\/person\/53265987e4424cc7dde2f857d2b378cf\",\"name\":\"GS\",\"image\":{\"@type\":\"ImageObject\",\"inLanguage\":\"fr-FR\",\"@id\":\"https:\/\/covid19-a-savoir.net\/#\/schema\/person\/image\/\",\"url\":\"https:\/\/covid19-a-savoir.net\/wp-content\/uploads\/2022\/07\/dans-ce-monde-312x312-1.png\",\"contentUrl\":\"https:\/\/covid19-a-savoir.net\/wp-content\/uploads\/2022\/07\/dans-ce-monde-312x312-1.png\",\"width\":312,\"height\":312,\"caption\":\"GS\"},\"logo\":{\"@id\":\"https:\/\/covid19-a-savoir.net\/#\/schema\/person\/image\/\"},\"sameAs\":[\"http:\/\/covid19-a-savoir.net\"]}]}<\/script>\n<!-- \/ Yoast SEO plugin. -->","yoast_head_json":{"title":"COVID AVIS D AVOCATS - Actualit\u00e9s, , .... Apr\u00e8s la p\u00e9riode &quot;covid19&quot;","robots":{"index":"index","follow":"follow","max-snippet":"max-snippet:-1","max-image-preview":"max-image-preview:large","max-video-preview":"max-video-preview:-1"},"canonical":"https:\/\/covid19-a-savoir.net\/index.php\/covid-avis-d-avocats\/","og_locale":"fr_FR","og_type":"article","og_title":"COVID AVIS D AVOCATS - Actualit\u00e9s, , .... Apr\u00e8s la p\u00e9riode &quot;covid19&quot;","og_description":"vaccination des enfants (Covid): avis d\u2019avocat violation du secret m\u00e9dical : exercez vos DROITS ! J\u2019ai test\u00e9 pour vous\u2026la violation... Read moreCOVID AVIS D AVOCATS","og_url":"https:\/\/covid19-a-savoir.net\/index.php\/covid-avis-d-avocats\/","og_site_name":"Actualit\u00e9s, , .... Apr\u00e8s la p\u00e9riode &quot;covid19&quot;","article_modified_time":"2022-01-18T22:11:46+00:00","og_image":[{"url":"https:\/\/covid19-a-savoir.net\/wp-content\/uploads\/2022\/01\/image-7.png"}],"twitter_card":"summary_large_image","twitter_misc":{"Dur\u00e9e de lecture estim\u00e9e":"1 minute"},"schema":{"@context":"https:\/\/schema.org","@graph":[{"@type":"WebPage","@id":"https:\/\/covid19-a-savoir.net\/index.php\/covid-avis-d-avocats\/","url":"https:\/\/covid19-a-savoir.net\/index.php\/covid-avis-d-avocats\/","name":"COVID AVIS D AVOCATS - Actualit\u00e9s, , .... Apr\u00e8s la p\u00e9riode &quot;covid19&quot;","isPartOf":{"@id":"https:\/\/covid19-a-savoir.net\/#website"},"primaryImageOfPage":{"@id":"https:\/\/covid19-a-savoir.net\/index.php\/covid-avis-d-avocats\/#primaryimage"},"image":{"@id":"https:\/\/covid19-a-savoir.net\/index.php\/covid-avis-d-avocats\/#primaryimage"},"thumbnailUrl":"https:\/\/covid19-a-savoir.net\/wp-content\/uploads\/2022\/01\/image-7.png","datePublished":"2022-01-18T21:21:36+00:00","dateModified":"2022-01-18T22:11:46+00:00","breadcrumb":{"@id":"https:\/\/covid19-a-savoir.net\/index.php\/covid-avis-d-avocats\/#breadcrumb"},"inLanguage":"fr-FR","potentialAction":[{"@type":"ReadAction","target":["https:\/\/covid19-a-savoir.net\/index.php\/covid-avis-d-avocats\/"]}]},{"@type":"ImageObject","inLanguage":"fr-FR","@id":"https:\/\/covid19-a-savoir.net\/index.php\/covid-avis-d-avocats\/#primaryimage","url":"https:\/\/covid19-a-savoir.net\/wp-content\/uploads\/2022\/01\/image-7.png","contentUrl":"https:\/\/covid19-a-savoir.net\/wp-content\/uploads\/2022\/01\/image-7.png","width":722,"height":315},{"@type":"BreadcrumbList","@id":"https:\/\/covid19-a-savoir.net\/index.php\/covid-avis-d-avocats\/#breadcrumb","itemListElement":[{"@type":"ListItem","position":1,"name":"Accueil","item":"https:\/\/covid19-a-savoir.net\/"},{"@type":"ListItem","position":2,"name":"COVID AVIS D AVOCATS"}]},{"@type":"WebSite","@id":"https:\/\/covid19-a-savoir.net\/#website","url":"https:\/\/covid19-a-savoir.net\/","name":"Actualit\u00e9s, , .... Apr\u00e8s la p\u00e9riode &quot;covid19&quot;","description":"DES V\u00c9RIT\u00c9S QUI D\u00c9RANGENT","publisher":{"@id":"https:\/\/covid19-a-savoir.net\/#\/schema\/person\/53265987e4424cc7dde2f857d2b378cf"},"potentialAction":[{"@type":"SearchAction","target":{"@type":"EntryPoint","urlTemplate":"https:\/\/covid19-a-savoir.net\/?s={search_term_string}"},"query-input":"required name=search_term_string"}],"inLanguage":"fr-FR"},{"@type":["Person","Organization"],"@id":"https:\/\/covid19-a-savoir.net\/#\/schema\/person\/53265987e4424cc7dde2f857d2b378cf","name":"GS","image":{"@type":"ImageObject","inLanguage":"fr-FR","@id":"https:\/\/covid19-a-savoir.net\/#\/schema\/person\/image\/","url":"https:\/\/covid19-a-savoir.net\/wp-content\/uploads\/2022\/07\/dans-ce-monde-312x312-1.png","contentUrl":"https:\/\/covid19-a-savoir.net\/wp-content\/uploads\/2022\/07\/dans-ce-monde-312x312-1.png","width":312,"height":312,"caption":"GS"},"logo":{"@id":"https:\/\/covid19-a-savoir.net\/#\/schema\/person\/image\/"},"sameAs":["http:\/\/covid19-a-savoir.net"]}]}},"jetpack_sharing_enabled":true,"_links":{"self":[{"href":"https:\/\/covid19-a-savoir.net\/index.php\/wp-json\/wp\/v2\/pages\/975"}],"collection":[{"href":"https:\/\/covid19-a-savoir.net\/index.php\/wp-json\/wp\/v2\/pages"}],"about":[{"href":"https:\/\/covid19-a-savoir.net\/index.php\/wp-json\/wp\/v2\/types\/page"}],"author":[{"embeddable":true,"href":"https:\/\/covid19-a-savoir.net\/index.php\/wp-json\/wp\/v2\/users\/1"}],"replies":[{"embeddable":true,"href":"https:\/\/covid19-a-savoir.net\/index.php\/wp-json\/wp\/v2\/comments?post=975"}],"version-history":[{"count":3,"href":"https:\/\/covid19-a-savoir.net\/index.php\/wp-json\/wp\/v2\/pages\/975\/revisions"}],"predecessor-version":[{"id":987,"href":"https:\/\/covid19-a-savoir.net\/index.php\/wp-json\/wp\/v2\/pages\/975\/revisions\/987"}],"wp:attachment":[{"href":"https:\/\/covid19-a-savoir.net\/index.php\/wp-json\/wp\/v2\/media?parent=975"}],"curies":[{"name":"wp","href":"https:\/\/api.w.org\/{rel}","templated":true}]}}