{"id":758,"date":"2021-12-28T17:59:42","date_gmt":"2021-12-28T17:59:42","guid":{"rendered":"https:\/\/covid19-a-savoir.net\/?page_id=758"},"modified":"2021-12-28T20:38:43","modified_gmt":"2021-12-28T20:38:43","slug":"les-medecins-de-belgique-proposent-un-service-alternatif","status":"publish","type":"page","link":"https:\/\/covid19-a-savoir.net\/index.php\/les-medecins-de-belgique-proposent-un-service-alternatif\/","title":{"rendered":"Les m\u00e9decins de BELGIQUE proposent un service alternatif"},"content":{"rendered":"<div id=\"dslc-theme-content\"><div id=\"dslc-theme-content-inner\">\n<p class=\"has-medium-font-size\">C&rsquo;est lors d&rsquo;une r\u00e9union en clos ferm\u00e9 que de nombreux m\u00e9decins se se rassembl\u00e9s pour assurer un service de prise en charge rapide et pr\u00e9coce des patients malades du COVID-19. Un traitement \u00e0 fait ses preuves aupr\u00e8s de 20 000 patients (depuis deux ans)<\/p>\n\n\n\n<p><\/p>\n\n\n\n<p class=\"has-vivid-red-color has-text-color has-small-font-size\"><strong>Les m\u00e9decins de BELGIQUE proposent un service alternatif<\/strong><\/p>\n\n\n\n<iframe width=\"560\" height=\"315\" src=\"https:\/\/crowdbunker.com\/embed\/XhGv3epGVJE\" frameborder=\"0\" allow=\"accelerometer; clipboard-write; encrypted-media; gyroscope; picture-in-picture\" allowfullscreen=\"\" scrolling=\"no\"><\/iframe>\n\n\n\n<figure class=\"wp-block-pullquote is-style-default\" style=\"border-color:#cf2e2e\"><blockquote class=\"has-text-color has-vivid-red-color\"><p>\u00ab\u00a0Lagard\u00e8re asbl\u00a0\u00bb Unit\u00e9 M\u00e9dico Social. Docteur Bouillon Ghlin BELGIQUE<\/p><p>Ruelle Criez,7 7011 Ghlin, Belgique<\/p><\/blockquote><\/figure>\n\n\n\n<p class=\"has-vivid-cyan-blue-color has-text-color\"><strong>Dr David Bouillon     00 32 475.31.97.45    lagardereasbl@gmail.com<\/strong><\/p>\n\n\n\n<p><\/p>\n\n\n\n<p><\/p>\n\n\n\n<p class=\"has-vivid-red-color has-text-color has-medium-font-size\"><strong>Le m\u00e9decin montois David Bouillon ouvre un centre Lagard\u00e8re au Roeulx et veut s&rsquo;\u00e9tendre en Wallonie!<\/strong><\/p>\n\n\n\n<p class=\"has-vivid-red-color has-text-color has-medium-font-size\"><strong>Dr Bouillon va ouvrir un centre Lagard\u00e8re \u00e0 Mouscron<\/strong><\/p>\n\n\n\n<p class=\"has-medium-font-size\">Je continue \u00e0 g\u00e9rer n\u00f4tre centre priv\u00e9, autonome et libre<\/p>\n\n\n\n<p class=\"has-medium-font-size\">\u00ab\u00a0Lagard\u00e8re, unit\u00e9 m\u00e9dico-sociale asbl\u00a0\u00bbqui prend en charge de mani\u00e8re<\/p>\n\n\n\n<p class=\"has-medium-font-size\">m\u00e9dicale, rapide et compl\u00e8te des patients atteint de la Covid-19<\/p>\n\n\n\n<p class=\"has-medium-font-size\">ou victimes d&rsquo;effets secondaires apr\u00e8s vaccination Covid-19.<\/p>\n<\/div><\/div>","protected":false},"excerpt":{"rendered":"<p>C&rsquo;est lors d&rsquo;une r\u00e9union en clos ferm\u00e9 que de nombreux m\u00e9decins se se rassembl\u00e9s pour assurer un service de prise&#8230; <a href=\"https:\/\/covid19-a-savoir.net\/index.php\/les-medecins-de-belgique-proposent-un-service-alternatif\/\" class=\"readmore\">Read more<span class=\"screen-reader-text\">Les m\u00e9decins de BELGIQUE proposent un service alternatif<\/span><span class=\"fa fa-angle-double-right\" aria-hidden=\"true\"><\/span><\/a><\/p>\n","protected":false},"author":1,"featured_media":0,"parent":0,"menu_order":0,"comment_status":"closed","ping_status":"closed","template":"","meta":{"footnotes":""},"yoast_head":"<!-- This site is optimized with the Yoast SEO plugin v23.2 - https:\/\/yoast.com\/wordpress\/plugins\/seo\/ -->\n<title>Les m\u00e9decins de BELGIQUE proposent un service alternatif - Actualit\u00e9s, , .... Apr\u00e8s la p\u00e9riode &quot;covid19&quot;<\/title>\n<meta name=\"robots\" content=\"index, follow, max-snippet:-1, max-image-preview:large, max-video-preview:-1\" \/>\n<link rel=\"canonical\" href=\"https:\/\/covid19-a-savoir.net\/index.php\/les-medecins-de-belgique-proposent-un-service-alternatif\/\" \/>\n<meta property=\"og:locale\" content=\"fr_FR\" \/>\n<meta property=\"og:type\" content=\"article\" \/>\n<meta property=\"og:title\" content=\"Les m\u00e9decins de BELGIQUE proposent un service alternatif - Actualit\u00e9s, , .... Apr\u00e8s la p\u00e9riode &quot;covid19&quot;\" \/>\n<meta property=\"og:description\" content=\"C&rsquo;est lors d&rsquo;une r\u00e9union en clos ferm\u00e9 que de nombreux m\u00e9decins se se rassembl\u00e9s pour assurer un service de prise... Read moreLes m\u00e9decins de BELGIQUE proposent un service alternatif\" \/>\n<meta property=\"og:url\" content=\"https:\/\/covid19-a-savoir.net\/index.php\/les-medecins-de-belgique-proposent-un-service-alternatif\/\" \/>\n<meta property=\"og:site_name\" content=\"Actualit\u00e9s, , .... Apr\u00e8s la p\u00e9riode &quot;covid19&quot;\" \/>\n<meta property=\"article:modified_time\" content=\"2021-12-28T20:38:43+00:00\" \/>\n<meta name=\"twitter:card\" content=\"summary_large_image\" \/>\n<meta name=\"twitter:label1\" content=\"Dur\u00e9e de lecture estim\u00e9e\" \/>\n\t<meta name=\"twitter:data1\" content=\"1 minute\" \/>\n<script type=\"application\/ld+json\" class=\"yoast-schema-graph\">{\"@context\":\"https:\/\/schema.org\",\"@graph\":[{\"@type\":\"WebPage\",\"@id\":\"https:\/\/covid19-a-savoir.net\/index.php\/les-medecins-de-belgique-proposent-un-service-alternatif\/\",\"url\":\"https:\/\/covid19-a-savoir.net\/index.php\/les-medecins-de-belgique-proposent-un-service-alternatif\/\",\"name\":\"Les m\u00e9decins de BELGIQUE proposent un service alternatif - Actualit\u00e9s, , .... Apr\u00e8s la p\u00e9riode &quot;covid19&quot;\",\"isPartOf\":{\"@id\":\"https:\/\/covid19-a-savoir.net\/#website\"},\"datePublished\":\"2021-12-28T17:59:42+00:00\",\"dateModified\":\"2021-12-28T20:38:43+00:00\",\"breadcrumb\":{\"@id\":\"https:\/\/covid19-a-savoir.net\/index.php\/les-medecins-de-belgique-proposent-un-service-alternatif\/#breadcrumb\"},\"inLanguage\":\"fr-FR\",\"potentialAction\":[{\"@type\":\"ReadAction\",\"target\":[\"https:\/\/covid19-a-savoir.net\/index.php\/les-medecins-de-belgique-proposent-un-service-alternatif\/\"]}]},{\"@type\":\"BreadcrumbList\",\"@id\":\"https:\/\/covid19-a-savoir.net\/index.php\/les-medecins-de-belgique-proposent-un-service-alternatif\/#breadcrumb\",\"itemListElement\":[{\"@type\":\"ListItem\",\"position\":1,\"name\":\"Accueil\",\"item\":\"https:\/\/covid19-a-savoir.net\/\"},{\"@type\":\"ListItem\",\"position\":2,\"name\":\"Les m\u00e9decins de BELGIQUE proposent un service alternatif\"}]},{\"@type\":\"WebSite\",\"@id\":\"https:\/\/covid19-a-savoir.net\/#website\",\"url\":\"https:\/\/covid19-a-savoir.net\/\",\"name\":\"Actualit\u00e9s, , .... Apr\u00e8s la p\u00e9riode &quot;covid19&quot;\",\"description\":\"DES V\u00c9RIT\u00c9S QUI D\u00c9RANGENT\",\"publisher\":{\"@id\":\"https:\/\/covid19-a-savoir.net\/#\/schema\/person\/53265987e4424cc7dde2f857d2b378cf\"},\"potentialAction\":[{\"@type\":\"SearchAction\",\"target\":{\"@type\":\"EntryPoint\",\"urlTemplate\":\"https:\/\/covid19-a-savoir.net\/?s={search_term_string}\"},\"query-input\":\"required name=search_term_string\"}],\"inLanguage\":\"fr-FR\"},{\"@type\":[\"Person\",\"Organization\"],\"@id\":\"https:\/\/covid19-a-savoir.net\/#\/schema\/person\/53265987e4424cc7dde2f857d2b378cf\",\"name\":\"GS\",\"image\":{\"@type\":\"ImageObject\",\"inLanguage\":\"fr-FR\",\"@id\":\"https:\/\/covid19-a-savoir.net\/#\/schema\/person\/image\/\",\"url\":\"https:\/\/covid19-a-savoir.net\/wp-content\/uploads\/2022\/07\/dans-ce-monde-312x312-1.png\",\"contentUrl\":\"https:\/\/covid19-a-savoir.net\/wp-content\/uploads\/2022\/07\/dans-ce-monde-312x312-1.png\",\"width\":312,\"height\":312,\"caption\":\"GS\"},\"logo\":{\"@id\":\"https:\/\/covid19-a-savoir.net\/#\/schema\/person\/image\/\"},\"sameAs\":[\"http:\/\/covid19-a-savoir.net\"]}]}<\/script>\n<!-- \/ Yoast SEO plugin. -->","yoast_head_json":{"title":"Les m\u00e9decins de BELGIQUE proposent un service alternatif - Actualit\u00e9s, , .... Apr\u00e8s la p\u00e9riode &quot;covid19&quot;","robots":{"index":"index","follow":"follow","max-snippet":"max-snippet:-1","max-image-preview":"max-image-preview:large","max-video-preview":"max-video-preview:-1"},"canonical":"https:\/\/covid19-a-savoir.net\/index.php\/les-medecins-de-belgique-proposent-un-service-alternatif\/","og_locale":"fr_FR","og_type":"article","og_title":"Les m\u00e9decins de BELGIQUE proposent un service alternatif - Actualit\u00e9s, , .... Apr\u00e8s la p\u00e9riode &quot;covid19&quot;","og_description":"C&rsquo;est lors d&rsquo;une r\u00e9union en clos ferm\u00e9 que de nombreux m\u00e9decins se se rassembl\u00e9s pour assurer un service de prise... Read moreLes m\u00e9decins de BELGIQUE proposent un service alternatif","og_url":"https:\/\/covid19-a-savoir.net\/index.php\/les-medecins-de-belgique-proposent-un-service-alternatif\/","og_site_name":"Actualit\u00e9s, , .... Apr\u00e8s la p\u00e9riode &quot;covid19&quot;","article_modified_time":"2021-12-28T20:38:43+00:00","twitter_card":"summary_large_image","twitter_misc":{"Dur\u00e9e de lecture estim\u00e9e":"1 minute"},"schema":{"@context":"https:\/\/schema.org","@graph":[{"@type":"WebPage","@id":"https:\/\/covid19-a-savoir.net\/index.php\/les-medecins-de-belgique-proposent-un-service-alternatif\/","url":"https:\/\/covid19-a-savoir.net\/index.php\/les-medecins-de-belgique-proposent-un-service-alternatif\/","name":"Les m\u00e9decins de BELGIQUE proposent un service alternatif - Actualit\u00e9s, , .... Apr\u00e8s la p\u00e9riode &quot;covid19&quot;","isPartOf":{"@id":"https:\/\/covid19-a-savoir.net\/#website"},"datePublished":"2021-12-28T17:59:42+00:00","dateModified":"2021-12-28T20:38:43+00:00","breadcrumb":{"@id":"https:\/\/covid19-a-savoir.net\/index.php\/les-medecins-de-belgique-proposent-un-service-alternatif\/#breadcrumb"},"inLanguage":"fr-FR","potentialAction":[{"@type":"ReadAction","target":["https:\/\/covid19-a-savoir.net\/index.php\/les-medecins-de-belgique-proposent-un-service-alternatif\/"]}]},{"@type":"BreadcrumbList","@id":"https:\/\/covid19-a-savoir.net\/index.php\/les-medecins-de-belgique-proposent-un-service-alternatif\/#breadcrumb","itemListElement":[{"@type":"ListItem","position":1,"name":"Accueil","item":"https:\/\/covid19-a-savoir.net\/"},{"@type":"ListItem","position":2,"name":"Les m\u00e9decins de BELGIQUE proposent un service alternatif"}]},{"@type":"WebSite","@id":"https:\/\/covid19-a-savoir.net\/#website","url":"https:\/\/covid19-a-savoir.net\/","name":"Actualit\u00e9s, , .... Apr\u00e8s la p\u00e9riode &quot;covid19&quot;","description":"DES V\u00c9RIT\u00c9S QUI D\u00c9RANGENT","publisher":{"@id":"https:\/\/covid19-a-savoir.net\/#\/schema\/person\/53265987e4424cc7dde2f857d2b378cf"},"potentialAction":[{"@type":"SearchAction","target":{"@type":"EntryPoint","urlTemplate":"https:\/\/covid19-a-savoir.net\/?s={search_term_string}"},"query-input":"required name=search_term_string"}],"inLanguage":"fr-FR"},{"@type":["Person","Organization"],"@id":"https:\/\/covid19-a-savoir.net\/#\/schema\/person\/53265987e4424cc7dde2f857d2b378cf","name":"GS","image":{"@type":"ImageObject","inLanguage":"fr-FR","@id":"https:\/\/covid19-a-savoir.net\/#\/schema\/person\/image\/","url":"https:\/\/covid19-a-savoir.net\/wp-content\/uploads\/2022\/07\/dans-ce-monde-312x312-1.png","contentUrl":"https:\/\/covid19-a-savoir.net\/wp-content\/uploads\/2022\/07\/dans-ce-monde-312x312-1.png","width":312,"height":312,"caption":"GS"},"logo":{"@id":"https:\/\/covid19-a-savoir.net\/#\/schema\/person\/image\/"},"sameAs":["http:\/\/covid19-a-savoir.net"]}]}},"jetpack_sharing_enabled":true,"_links":{"self":[{"href":"https:\/\/covid19-a-savoir.net\/index.php\/wp-json\/wp\/v2\/pages\/758"}],"collection":[{"href":"https:\/\/covid19-a-savoir.net\/index.php\/wp-json\/wp\/v2\/pages"}],"about":[{"href":"https:\/\/covid19-a-savoir.net\/index.php\/wp-json\/wp\/v2\/types\/page"}],"author":[{"embeddable":true,"href":"https:\/\/covid19-a-savoir.net\/index.php\/wp-json\/wp\/v2\/users\/1"}],"replies":[{"embeddable":true,"href":"https:\/\/covid19-a-savoir.net\/index.php\/wp-json\/wp\/v2\/comments?post=758"}],"version-history":[{"count":2,"href":"https:\/\/covid19-a-savoir.net\/index.php\/wp-json\/wp\/v2\/pages\/758\/revisions"}],"predecessor-version":[{"id":773,"href":"https:\/\/covid19-a-savoir.net\/index.php\/wp-json\/wp\/v2\/pages\/758\/revisions\/773"}],"wp:attachment":[{"href":"https:\/\/covid19-a-savoir.net\/index.php\/wp-json\/wp\/v2\/media?parent=758"}],"curies":[{"name":"wp","href":"https:\/\/api.w.org\/{rel}","templated":true}]}}

Les médecins de BELGIQUE proposent un service alternatif

<div id="dslc-theme-content"><div id="dslc-theme-content-inner">
<p class="has-medium-font-size">C&rsquo;est lors d&rsquo;une réunion en clos fermé que de nombreux médecins se se rassemblés pour assurer un service de prise en charge rapide et précoce des patients malades du COVID-19. Un traitement à fait ses preuves auprès de 20 000 patients (depuis deux ans)</p>



<p></p>



<p class="has-vivid-red-color has-text-color has-small-font-size"><strong>Les médecins de BELGIQUE proposent un service alternatif</strong></p>



<iframe width="560" height="315" src="https://crowdbunker.com/embed/XhGv3epGVJE" frameborder="0" allow="accelerometer; clipboard-write; encrypted-media; gyroscope; picture-in-picture" allowfullscreen="" scrolling="no"></iframe>



<figure class="wp-block-pullquote is-style-default" style="border-color:#cf2e2e"><blockquote class="has-text-color has-vivid-red-color"><p>« Lagardère asbl » Unité Médico Social. Docteur Bouillon Ghlin BELGIQUE</p><p>Ruelle Criez,7 7011 Ghlin, Belgique</p></blockquote></figure>



<p class="has-vivid-cyan-blue-color has-text-color"><strong>Dr David Bouillon     00 32 475.31.97.45    lagardereasbl@gmail.com</strong></p>



<p></p>



<p></p>



<p class="has-vivid-red-color has-text-color has-medium-font-size"><strong>Le médecin montois David Bouillon ouvre un centre Lagardère au Roeulx et veut s&rsquo;étendre en Wallonie!</strong></p>



<p class="has-vivid-red-color has-text-color has-medium-font-size"><strong>Dr Bouillon va ouvrir un centre Lagardère à Mouscron</strong></p>



<p class="has-medium-font-size">Je continue à gérer nôtre centre privé, autonome et libre</p>



<p class="has-medium-font-size">« Lagardère, unité médico-sociale asbl »qui prend en charge de manière</p>



<p class="has-medium-font-size">médicale, rapide et complète des patients atteint de la Covid-19</p>



<p class="has-medium-font-size">ou victimes d&rsquo;effets secondaires après vaccination Covid-19.</p>
</div></div>

<p>C&rsquo;est lors d&rsquo;une réunion en clos fermé que de nombreux médecins se se rassemblés pour assurer un service de prise&#8230; <a href="https://covid19-a-savoir.net/index.php/les-medecins-de-belgique-proposent-un-service-alternatif/" class="readmore">Read more<span class="screen-reader-text">Les médecins de BELGIQUE proposent un service alternatif</span><span class="fa fa-angle-double-right" aria-hidden="true"></span></a></p>

<!-- This site is optimized with the Yoast SEO plugin v23.2 - https://yoast.com/wordpress/plugins/seo/ -->
<title>Les médecins de BELGIQUE proposent un service alternatif - Actualités, , .... Après la période &quot;covid19&quot;</title>
<meta name="robots" content="index, follow, max-snippet:-1, max-image-preview:large, max-video-preview:-1" />
<link rel="canonical" href="https://covid19-a-savoir.net/index.php/les-medecins-de-belgique-proposent-un-service-alternatif/" />
<meta property="og:locale" content="fr_FR" />
<meta property="og:type" content="article" />
<meta property="og:title" content="Les médecins de BELGIQUE proposent un service alternatif - Actualités, , .... Après la période &quot;covid19&quot;" />
<meta property="og:description" content="C&rsquo;est lors d&rsquo;une réunion en clos fermé que de nombreux médecins se se rassemblés pour assurer un service de prise... Read moreLes médecins de BELGIQUE proposent un service alternatif" />
<meta property="og:url" content="https://covid19-a-savoir.net/index.php/les-medecins-de-belgique-proposent-un-service-alternatif/" />
<meta property="og:site_name" content="Actualités, , .... Après la période &quot;covid19&quot;" />
<meta property="article:modified_time" content="2021-12-28T20:38:43+00:00" />
<meta name="twitter:card" content="summary_large_image" />
<meta name="twitter:label1" content="Durée de lecture estimée" />
	<meta name="twitter:data1" content="1 minute" />
<script type="application/ld+json" class="yoast-schema-graph">{"@context":"https://schema.org","@graph":[{"@type":"WebPage","@id":"https://covid19-a-savoir.net/index.php/les-medecins-de-belgique-proposent-un-service-alternatif/","url":"https://covid19-a-savoir.net/index.php/les-medecins-de-belgique-proposent-un-service-alternatif/","name":"Les médecins de BELGIQUE proposent un service alternatif - Actualités, , .... Après la période &quot;covid19&quot;","isPartOf":{"@id":"https://covid19-a-savoir.net/#website"},"datePublished":"2021-12-28T17:59:42+00:00","dateModified":"2021-12-28T20:38:43+00:00","breadcrumb":{"@id":"https://covid19-a-savoir.net/index.php/les-medecins-de-belgique-proposent-un-service-alternatif/#breadcrumb"},"inLanguage":"fr-FR","potentialAction":[{"@type":"ReadAction","target":["https://covid19-a-savoir.net/index.php/les-medecins-de-belgique-proposent-un-service-alternatif/"]}]},{"@type":"BreadcrumbList","@id":"https://covid19-a-savoir.net/index.php/les-medecins-de-belgique-proposent-un-service-alternatif/#breadcrumb","itemListElement":[{"@type":"ListItem","position":1,"name":"Accueil","item":"https://covid19-a-savoir.net/"},{"@type":"ListItem","position":2,"name":"Les médecins de BELGIQUE proposent un service alternatif"}]},{"@type":"WebSite","@id":"https://covid19-a-savoir.net/#website","url":"https://covid19-a-savoir.net/","name":"Actualités, , .... Après la période &quot;covid19&quot;","description":"DES VÉRITÉS QUI DÉRANGENT","publisher":{"@id":"https://covid19-a-savoir.net/#/schema/person/53265987e4424cc7dde2f857d2b378cf"},"potentialAction":[{"@type":"SearchAction","target":{"@type":"EntryPoint","urlTemplate":"https://covid19-a-savoir.net/?s={search_term_string}"},"query-input":"required name=search_term_string"}],"inLanguage":"fr-FR"},{"@type":["Person","Organization"],"@id":"https://covid19-a-savoir.net/#/schema/person/53265987e4424cc7dde2f857d2b378cf","name":"GS","image":{"@type":"ImageObject","inLanguage":"fr-FR","@id":"https://covid19-a-savoir.net/#/schema/person/image/","url":"https://covid19-a-savoir.net/wp-content/uploads/2022/07/dans-ce-monde-312x312-1.png","contentUrl":"https://covid19-a-savoir.net/wp-content/uploads/2022/07/dans-ce-monde-312x312-1.png","width":312,"height":312,"caption":"GS"},"logo":{"@id":"https://covid19-a-savoir.net/#/schema/person/image/"},"sameAs":["http://covid19-a-savoir.net"]}]}</script>
<!-- / Yoast SEO plugin. -->

Les médecins de BELGIQUE proposent un service alternatif - Actualités, , .... Après la période &quot;covid19&quot;

C&rsquo;est lors d&rsquo;une réunion en clos fermé que de nombreux médecins se se rassemblés pour assurer un service de prise... Read moreLes médecins de BELGIQUE proposent un service alternatif

Actualités, , .... Après la période &quot;covid19&quot;

DES VÉRITÉS QUI DÉRANGENT
