{"id":3364,"date":"2025-03-04T22:07:04","date_gmt":"2025-03-04T22:07:04","guid":{"rendered":"https:\/\/covid19-a-savoir.net\/?page_id=3364"},"modified":"2025-03-04T22:07:05","modified_gmt":"2025-03-04T22:07:05","slug":"les-medias-manipulent-lopinion-publique-a-grande-echelle","status":"publish","type":"page","link":"https:\/\/covid19-a-savoir.net\/index.php\/les-medias-manipulent-lopinion-publique-a-grande-echelle\/","title":{"rendered":"Les m\u00e9dias manipulent l&rsquo;opinion publique \u00e0 grande \u00e9chelle"},"content":{"rendered":"<div id=\"dslc-theme-content\"><div id=\"dslc-theme-content-inner\">\n<p>Vous avez d\u00e9j\u00e0 remarqu\u00e9 comme les m\u00e9dias ont ce pouvoir \u00e9trange de transformer des faits en opinions, de faire tourner des mensonges en v\u00e9rit\u00e9s? Si vous \u00eates un peu comme moi, vous avez probablement eu ce moment de lucidit\u00e9 o\u00f9 vous avez r\u00e9alis\u00e9 que tout ce que vous voyez \u00e0 la t\u00e9l\u00e9, lisez dans les journaux ou consommez sur les r\u00e9seaux sociaux est loin d\u2019\u00eatre objectif. C&rsquo;est une manipulation massive. Et vous, vous en \u00eates une victime consentante, sans m\u00eame vous en rendre compte. Mais c&rsquo;est fini. Vous allez comprendre ce qui se passe, et plus important encore, comment vous reprendre le contr\u00f4le de votre propre opinion.<\/p>\n\n\n\n<p><strong>La v\u00e9rit\u00e9 qui d\u00e9range<\/strong><\/p>\n\n\n\n<p>Arr\u00eatez de vous cacher derri\u00e8re l\u2019\u00e9cran. Quand vous regardez les infos, vous ne regardez pas des \u00ab\u00a0faits\u00a0\u00bb. Vous regardez une version sc\u00e9naris\u00e9e de la r\u00e9alit\u00e9. Une version choisie, filtr\u00e9e, retouch\u00e9e. Ce ne sont pas des journalistes qui vous parlent, mais des acteurs, des marionnettes des grands groupes de communication. Ce n&rsquo;est pas un accident, c&rsquo;est un business. Vous \u00eates leur produit, votre attention est leur richesse. Ces gars-l\u00e0, ils savent exactement comment vous manipuler. \u00c7a vous choque ? \u00c7a devrait.<\/p>\n\n\n\n<p>Les m\u00e9dias, \u00e0 la mani\u00e8re d\u2019un chef d&rsquo;orchestre, vous dirigent l\u00e0 o\u00f9 ils veulent. Vous vous dites s\u00fbrement : \u00ab\u00a0Mais non, je suis libre de penser par moi-m\u00eame!\u00a0\u00bb Vraiment ? Essayez donc de vivre une journ\u00e9e sans regarder un seul fil d&rsquo;actualit\u00e9s, sans entendre un seul commentaire politique, sans un seul post qui pousse votre opinion dans une direction. Vous verrez\u2026 C\u2019est plus difficile que vous ne le pensez.<\/p>\n\n\n\n<p><strong>Le pouvoir du filtre<\/strong><\/p>\n\n\n\n<p>Imaginez-vous une t\u00e9l\u00e9commande dans la main. Vous avez deux options : accepter ce qui vous est servi, ou utiliser la t\u00e9l\u00e9commande pour zapper, choisir ce que vous voulez entendre. Laissez-moi vous dire quelque chose : \u00e0 partir du moment o\u00f9 vous commencez \u00e0 comprendre la m\u00e9canique des m\u00e9dias, vous devenez la personne qui tient cette t\u00e9l\u00e9commande. Vous ne vous laissez plus submerger par les informations qui sont choisies pour vous. Vous devenez plus s\u00e9lectif. Vous r\u00e9alisez qu\u2019il existe un autre monde, celui o\u00f9 vous filtrez ce que vous consommez et o\u00f9 vous construisez votre propre vision des choses.<\/p>\n\n\n\n<p><strong>Une autre perspective<\/strong><\/p>\n\n\n\n<p>C&rsquo;est l\u00e0 qu&rsquo;on va. L\u2019id\u00e9e, ce n\u2019est pas de devenir un parano\u00efaque anti-m\u00e9dias. L\u2019id\u00e9e, c\u2019est d\u2019\u00eatre conscient de ce jeu de manipulation et d\u2019arr\u00eater de jouer \u00e0 la victime. Si vous pouvez choisir ce que vous consommez et ce que vous rejetez, vous \u00eates d\u00e9j\u00e0 un gagnant. Ne laissez pas ces informations vous manipuler, prenez-les avec recul et donnez-leur un sens qui vous est propre. Vous \u00eates le cr\u00e9ateur de votre propre r\u00e9alit\u00e9, pas les gros titres qui veulent vous faire croire n&rsquo;importe quoi.<\/p>\n\n\n\n<p><strong>La claque finale : reprenez votre pouvoir<\/strong><\/p>\n\n\n\n<p>R\u00e9veillez-vous. C&rsquo;est exactement ce que vous voulez. Vous voulez \u00eatre libre de vos pens\u00e9es. Vous voulez arr\u00eater de r\u00e9agir comme une marionnette \u00e0 des informations qui n&rsquo;ont aucun sens pour vous. Vous voulez prendre le contr\u00f4le. Et c&rsquo;est possible, aujourd&rsquo;hui. Plus d&rsquo;excuses. Il est temps de reprendre votre pouvoir. Vous pouvez choisir ce que vous consommez. Vous pouvez ignorer les bruits de fond, les mensonges et les manipulations.<\/p>\n\n\n\n<p>Ne laissez pas les m\u00e9dias vous dire quoi penser. Vous avez un cerveau, utilisez-le. C\u2019est tout ce qu\u2019il vous faut pour comprendre que le monde que vous voyez \u00e0 travers les m\u00e9dias est en r\u00e9alit\u00e9 une construction, pas la v\u00e9rit\u00e9 absolue. Alors, la prochaine fois que vous allumez votre t\u00e9l\u00e9 ou que vous scrollez sur les r\u00e9seaux sociaux, rappelez-vous : vous avez le choix. Vous avez le pouvoir.<\/p>\n\n\n\n<p> Guido SAVERIO<\/p>\n\n\n\n<p class=\"has-vivid-red-color has-text-color has-link-color wp-elements-a16103b5bccd0300b92a397b7996e6e3\"><strong>Si cet article vous a fait r\u00e9fl\u00e9chir, partagez-le. Montrez-le \u00e0 quelqu&rsquo;un qui, comme vous, m\u00e9rite d&rsquo;ouvrir les yeux. Merci.<\/strong><\/p>\n<\/div><\/div>","protected":false},"excerpt":{"rendered":"<p>Vous avez d\u00e9j\u00e0 remarqu\u00e9 comme les m\u00e9dias ont ce pouvoir \u00e9trange de transformer des faits en opinions, de faire tourner&#8230; <a href=\"https:\/\/covid19-a-savoir.net\/index.php\/les-medias-manipulent-lopinion-publique-a-grande-echelle\/\" class=\"readmore\">Read more<span class=\"screen-reader-text\">Les m\u00e9dias manipulent l&rsquo;opinion publique \u00e0 grande \u00e9chelle<\/span><span class=\"fa fa-angle-double-right\" aria-hidden=\"true\"><\/span><\/a><\/p>\n","protected":false},"author":1,"featured_media":0,"parent":0,"menu_order":0,"comment_status":"closed","ping_status":"closed","template":"","meta":{"footnotes":""},"yoast_head":"<!-- This site is optimized with the Yoast SEO plugin v23.2 - https:\/\/yoast.com\/wordpress\/plugins\/seo\/ -->\n<title>Les m\u00e9dias manipulent l&#039;opinion publique \u00e0 grande \u00e9chelle - Actualit\u00e9s, , .... Apr\u00e8s la p\u00e9riode &quot;covid19&quot;<\/title>\n<meta name=\"robots\" content=\"index, follow, max-snippet:-1, max-image-preview:large, max-video-preview:-1\" \/>\n<link rel=\"canonical\" href=\"https:\/\/covid19-a-savoir.net\/index.php\/les-medias-manipulent-lopinion-publique-a-grande-echelle\/\" \/>\n<meta property=\"og:locale\" content=\"fr_FR\" \/>\n<meta property=\"og:type\" content=\"article\" \/>\n<meta property=\"og:title\" content=\"Les m\u00e9dias manipulent l&#039;opinion publique \u00e0 grande \u00e9chelle - Actualit\u00e9s, , .... Apr\u00e8s la p\u00e9riode &quot;covid19&quot;\" \/>\n<meta property=\"og:description\" content=\"Vous avez d\u00e9j\u00e0 remarqu\u00e9 comme les m\u00e9dias ont ce pouvoir \u00e9trange de transformer des faits en opinions, de faire tourner... Read moreLes m\u00e9dias manipulent l&rsquo;opinion publique \u00e0 grande \u00e9chelle\" \/>\n<meta property=\"og:url\" content=\"https:\/\/covid19-a-savoir.net\/index.php\/les-medias-manipulent-lopinion-publique-a-grande-echelle\/\" \/>\n<meta property=\"og:site_name\" content=\"Actualit\u00e9s, , .... Apr\u00e8s la p\u00e9riode &quot;covid19&quot;\" \/>\n<meta property=\"article:modified_time\" content=\"2025-03-04T22:07:05+00:00\" \/>\n<meta name=\"twitter:card\" content=\"summary_large_image\" \/>\n<meta name=\"twitter:label1\" content=\"Dur\u00e9e de lecture estim\u00e9e\" \/>\n\t<meta name=\"twitter:data1\" content=\"4 minutes\" \/>\n<script type=\"application\/ld+json\" class=\"yoast-schema-graph\">{\"@context\":\"https:\/\/schema.org\",\"@graph\":[{\"@type\":\"WebPage\",\"@id\":\"https:\/\/covid19-a-savoir.net\/index.php\/les-medias-manipulent-lopinion-publique-a-grande-echelle\/\",\"url\":\"https:\/\/covid19-a-savoir.net\/index.php\/les-medias-manipulent-lopinion-publique-a-grande-echelle\/\",\"name\":\"Les m\u00e9dias manipulent l'opinion publique \u00e0 grande \u00e9chelle - Actualit\u00e9s, , .... Apr\u00e8s la p\u00e9riode &quot;covid19&quot;\",\"isPartOf\":{\"@id\":\"https:\/\/covid19-a-savoir.net\/#website\"},\"datePublished\":\"2025-03-04T22:07:04+00:00\",\"dateModified\":\"2025-03-04T22:07:05+00:00\",\"breadcrumb\":{\"@id\":\"https:\/\/covid19-a-savoir.net\/index.php\/les-medias-manipulent-lopinion-publique-a-grande-echelle\/#breadcrumb\"},\"inLanguage\":\"fr-FR\",\"potentialAction\":[{\"@type\":\"ReadAction\",\"target\":[\"https:\/\/covid19-a-savoir.net\/index.php\/les-medias-manipulent-lopinion-publique-a-grande-echelle\/\"]}]},{\"@type\":\"BreadcrumbList\",\"@id\":\"https:\/\/covid19-a-savoir.net\/index.php\/les-medias-manipulent-lopinion-publique-a-grande-echelle\/#breadcrumb\",\"itemListElement\":[{\"@type\":\"ListItem\",\"position\":1,\"name\":\"Accueil\",\"item\":\"https:\/\/covid19-a-savoir.net\/\"},{\"@type\":\"ListItem\",\"position\":2,\"name\":\"Les m\u00e9dias manipulent l&rsquo;opinion publique \u00e0 grande \u00e9chelle\"}]},{\"@type\":\"WebSite\",\"@id\":\"https:\/\/covid19-a-savoir.net\/#website\",\"url\":\"https:\/\/covid19-a-savoir.net\/\",\"name\":\"Actualit\u00e9s, , .... Apr\u00e8s la p\u00e9riode &quot;covid19&quot;\",\"description\":\"DES V\u00c9RIT\u00c9S QUI D\u00c9RANGENT\",\"publisher\":{\"@id\":\"https:\/\/covid19-a-savoir.net\/#\/schema\/person\/53265987e4424cc7dde2f857d2b378cf\"},\"potentialAction\":[{\"@type\":\"SearchAction\",\"target\":{\"@type\":\"EntryPoint\",\"urlTemplate\":\"https:\/\/covid19-a-savoir.net\/?s={search_term_string}\"},\"query-input\":\"required name=search_term_string\"}],\"inLanguage\":\"fr-FR\"},{\"@type\":[\"Person\",\"Organization\"],\"@id\":\"https:\/\/covid19-a-savoir.net\/#\/schema\/person\/53265987e4424cc7dde2f857d2b378cf\",\"name\":\"GS\",\"image\":{\"@type\":\"ImageObject\",\"inLanguage\":\"fr-FR\",\"@id\":\"https:\/\/covid19-a-savoir.net\/#\/schema\/person\/image\/\",\"url\":\"https:\/\/covid19-a-savoir.net\/wp-content\/uploads\/2022\/07\/dans-ce-monde-312x312-1.png\",\"contentUrl\":\"https:\/\/covid19-a-savoir.net\/wp-content\/uploads\/2022\/07\/dans-ce-monde-312x312-1.png\",\"width\":312,\"height\":312,\"caption\":\"GS\"},\"logo\":{\"@id\":\"https:\/\/covid19-a-savoir.net\/#\/schema\/person\/image\/\"},\"sameAs\":[\"http:\/\/covid19-a-savoir.net\"]}]}<\/script>\n<!-- \/ Yoast SEO plugin. -->","yoast_head_json":{"title":"Les m\u00e9dias manipulent l'opinion publique \u00e0 grande \u00e9chelle - Actualit\u00e9s, , .... Apr\u00e8s la p\u00e9riode &quot;covid19&quot;","robots":{"index":"index","follow":"follow","max-snippet":"max-snippet:-1","max-image-preview":"max-image-preview:large","max-video-preview":"max-video-preview:-1"},"canonical":"https:\/\/covid19-a-savoir.net\/index.php\/les-medias-manipulent-lopinion-publique-a-grande-echelle\/","og_locale":"fr_FR","og_type":"article","og_title":"Les m\u00e9dias manipulent l'opinion publique \u00e0 grande \u00e9chelle - Actualit\u00e9s, , .... Apr\u00e8s la p\u00e9riode &quot;covid19&quot;","og_description":"Vous avez d\u00e9j\u00e0 remarqu\u00e9 comme les m\u00e9dias ont ce pouvoir \u00e9trange de transformer des faits en opinions, de faire tourner... Read moreLes m\u00e9dias manipulent l&rsquo;opinion publique \u00e0 grande \u00e9chelle","og_url":"https:\/\/covid19-a-savoir.net\/index.php\/les-medias-manipulent-lopinion-publique-a-grande-echelle\/","og_site_name":"Actualit\u00e9s, , .... Apr\u00e8s la p\u00e9riode &quot;covid19&quot;","article_modified_time":"2025-03-04T22:07:05+00:00","twitter_card":"summary_large_image","twitter_misc":{"Dur\u00e9e de lecture estim\u00e9e":"4 minutes"},"schema":{"@context":"https:\/\/schema.org","@graph":[{"@type":"WebPage","@id":"https:\/\/covid19-a-savoir.net\/index.php\/les-medias-manipulent-lopinion-publique-a-grande-echelle\/","url":"https:\/\/covid19-a-savoir.net\/index.php\/les-medias-manipulent-lopinion-publique-a-grande-echelle\/","name":"Les m\u00e9dias manipulent l'opinion publique \u00e0 grande \u00e9chelle - Actualit\u00e9s, , .... Apr\u00e8s la p\u00e9riode &quot;covid19&quot;","isPartOf":{"@id":"https:\/\/covid19-a-savoir.net\/#website"},"datePublished":"2025-03-04T22:07:04+00:00","dateModified":"2025-03-04T22:07:05+00:00","breadcrumb":{"@id":"https:\/\/covid19-a-savoir.net\/index.php\/les-medias-manipulent-lopinion-publique-a-grande-echelle\/#breadcrumb"},"inLanguage":"fr-FR","potentialAction":[{"@type":"ReadAction","target":["https:\/\/covid19-a-savoir.net\/index.php\/les-medias-manipulent-lopinion-publique-a-grande-echelle\/"]}]},{"@type":"BreadcrumbList","@id":"https:\/\/covid19-a-savoir.net\/index.php\/les-medias-manipulent-lopinion-publique-a-grande-echelle\/#breadcrumb","itemListElement":[{"@type":"ListItem","position":1,"name":"Accueil","item":"https:\/\/covid19-a-savoir.net\/"},{"@type":"ListItem","position":2,"name":"Les m\u00e9dias manipulent l&rsquo;opinion publique \u00e0 grande \u00e9chelle"}]},{"@type":"WebSite","@id":"https:\/\/covid19-a-savoir.net\/#website","url":"https:\/\/covid19-a-savoir.net\/","name":"Actualit\u00e9s, , .... Apr\u00e8s la p\u00e9riode &quot;covid19&quot;","description":"DES V\u00c9RIT\u00c9S QUI D\u00c9RANGENT","publisher":{"@id":"https:\/\/covid19-a-savoir.net\/#\/schema\/person\/53265987e4424cc7dde2f857d2b378cf"},"potentialAction":[{"@type":"SearchAction","target":{"@type":"EntryPoint","urlTemplate":"https:\/\/covid19-a-savoir.net\/?s={search_term_string}"},"query-input":"required name=search_term_string"}],"inLanguage":"fr-FR"},{"@type":["Person","Organization"],"@id":"https:\/\/covid19-a-savoir.net\/#\/schema\/person\/53265987e4424cc7dde2f857d2b378cf","name":"GS","image":{"@type":"ImageObject","inLanguage":"fr-FR","@id":"https:\/\/covid19-a-savoir.net\/#\/schema\/person\/image\/","url":"https:\/\/covid19-a-savoir.net\/wp-content\/uploads\/2022\/07\/dans-ce-monde-312x312-1.png","contentUrl":"https:\/\/covid19-a-savoir.net\/wp-content\/uploads\/2022\/07\/dans-ce-monde-312x312-1.png","width":312,"height":312,"caption":"GS"},"logo":{"@id":"https:\/\/covid19-a-savoir.net\/#\/schema\/person\/image\/"},"sameAs":["http:\/\/covid19-a-savoir.net"]}]}},"jetpack_sharing_enabled":true,"_links":{"self":[{"href":"https:\/\/covid19-a-savoir.net\/index.php\/wp-json\/wp\/v2\/pages\/3364"}],"collection":[{"href":"https:\/\/covid19-a-savoir.net\/index.php\/wp-json\/wp\/v2\/pages"}],"about":[{"href":"https:\/\/covid19-a-savoir.net\/index.php\/wp-json\/wp\/v2\/types\/page"}],"author":[{"embeddable":true,"href":"https:\/\/covid19-a-savoir.net\/index.php\/wp-json\/wp\/v2\/users\/1"}],"replies":[{"embeddable":true,"href":"https:\/\/covid19-a-savoir.net\/index.php\/wp-json\/wp\/v2\/comments?post=3364"}],"version-history":[{"count":1,"href":"https:\/\/covid19-a-savoir.net\/index.php\/wp-json\/wp\/v2\/pages\/3364\/revisions"}],"predecessor-version":[{"id":3366,"href":"https:\/\/covid19-a-savoir.net\/index.php\/wp-json\/wp\/v2\/pages\/3364\/revisions\/3366"}],"wp:attachment":[{"href":"https:\/\/covid19-a-savoir.net\/index.php\/wp-json\/wp\/v2\/media?parent=3364"}],"curies":[{"name":"wp","href":"https:\/\/api.w.org\/{rel}","templated":true}]}}