{"id":3209,"date":"2025-01-10T12:52:59","date_gmt":"2025-01-10T12:52:59","guid":{"rendered":"https:\/\/covid19-a-savoir.net\/?page_id=3209"},"modified":"2025-01-10T12:53:01","modified_gmt":"2025-01-10T12:53:01","slug":"qua-dit-le-gel-hydroalcoolique-au-savon","status":"publish","type":"page","link":"https:\/\/covid19-a-savoir.net\/index.php\/qua-dit-le-gel-hydroalcoolique-au-savon\/","title":{"rendered":"Qu\u2019a dit le gel hydroalcoolique au savon ?"},"content":{"rendered":"<div id=\"dslc-theme-content\"><div id=\"dslc-theme-content-inner\">\n<p class=\"has-white-color has-vivid-cyan-blue-background-color has-text-color has-background has-link-color wp-elements-41bef9761c91159e5b6fe5cca41ef357\"><strong>\u00ab\u00a0Ne t&rsquo;inqui\u00e8te pas, je vais prendre la rel\u00e8ve pour les paresseux !\u00a0\u00bb<\/strong><\/p>\n\n\n\n<p>Le savon \u00e9tait en train de se pr\u00e9lasser, fi\u00e8rement install\u00e9 dans son \u00e9tag\u00e8re, lorsqu\u2019il entendit le gel hydroalcoolique lui parler. \u00ab Ne t&rsquo;inqui\u00e8te pas, je vais prendre la rel\u00e8ve pour les paresseux ! \u00bb Le savon, un peu surpris, sourit doucement. C&rsquo;\u00e9tait vrai que lui, avec sa mousse g\u00e9n\u00e9reuse et son parfum enveloppant, avait toujours eu sa place de choix dans les soins quotidiens. Mais il savait aussi que, parfois, la rapidit\u00e9 avait son propre charme.<\/p>\n\n\n\n<p>Le gel hydroalcoolique, avec sa promesse de rapidit\u00e9 et d&rsquo;efficacit\u00e9, \u00e9tait d\u00e9sormais le h\u00e9ros des moments o\u00f9 l&rsquo;on n\u2019avait pas le temps de s&rsquo;attarder. Il encha\u00eenait les actions avec une agilit\u00e9 moderne, s\u2019invitant dans les sacs \u00e0 main, les voitures, et m\u00eame dans les poches des manteaux. Mais au fond, le savon savait qu\u2019il resterait le pr\u00e9f\u00e9r\u00e9 pour un vrai moment de douceur et de soin.<\/p>\n\n\n\n<p>Le gel, un brin espi\u00e8gle, se mit \u00e0 rire. \u00ab Pas de panique, je ne remplace pas la tendresse, juste un petit coup de pouce pour les urgences ! \u00bb<\/p>\n<\/div><\/div>","protected":false},"excerpt":{"rendered":"<p>\u00ab\u00a0Ne t&rsquo;inqui\u00e8te pas, je vais prendre la rel\u00e8ve pour les paresseux !\u00a0\u00bb Le savon \u00e9tait en train de se pr\u00e9lasser,&#8230; <a href=\"https:\/\/covid19-a-savoir.net\/index.php\/qua-dit-le-gel-hydroalcoolique-au-savon\/\" class=\"readmore\">Read more<span class=\"screen-reader-text\">Qu\u2019a dit le gel hydroalcoolique au savon ?<\/span><span class=\"fa fa-angle-double-right\" aria-hidden=\"true\"><\/span><\/a><\/p>\n","protected":false},"author":1,"featured_media":0,"parent":0,"menu_order":0,"comment_status":"closed","ping_status":"closed","template":"","meta":{"footnotes":""},"yoast_head":"<!-- This site is optimized with the Yoast SEO plugin v23.2 - https:\/\/yoast.com\/wordpress\/plugins\/seo\/ -->\n<title>Qu\u2019a dit le gel hydroalcoolique au savon ? - Actualit\u00e9s, , .... Apr\u00e8s la p\u00e9riode &quot;covid19&quot;<\/title>\n<meta name=\"robots\" content=\"index, follow, max-snippet:-1, max-image-preview:large, max-video-preview:-1\" \/>\n<link rel=\"canonical\" href=\"https:\/\/covid19-a-savoir.net\/index.php\/qua-dit-le-gel-hydroalcoolique-au-savon\/\" \/>\n<meta property=\"og:locale\" content=\"fr_FR\" \/>\n<meta property=\"og:type\" content=\"article\" \/>\n<meta property=\"og:title\" content=\"Qu\u2019a dit le gel hydroalcoolique au savon ? - Actualit\u00e9s, , .... Apr\u00e8s la p\u00e9riode &quot;covid19&quot;\" \/>\n<meta property=\"og:description\" content=\"\u00ab\u00a0Ne t&rsquo;inqui\u00e8te pas, je vais prendre la rel\u00e8ve pour les paresseux !\u00a0\u00bb Le savon \u00e9tait en train de se pr\u00e9lasser,... Read moreQu\u2019a dit le gel hydroalcoolique au savon ?\" \/>\n<meta property=\"og:url\" content=\"https:\/\/covid19-a-savoir.net\/index.php\/qua-dit-le-gel-hydroalcoolique-au-savon\/\" \/>\n<meta property=\"og:site_name\" content=\"Actualit\u00e9s, , .... Apr\u00e8s la p\u00e9riode &quot;covid19&quot;\" \/>\n<meta property=\"article:modified_time\" content=\"2025-01-10T12:53:01+00:00\" \/>\n<meta name=\"twitter:card\" content=\"summary_large_image\" \/>\n<meta name=\"twitter:label1\" content=\"Dur\u00e9e de lecture estim\u00e9e\" \/>\n\t<meta name=\"twitter:data1\" content=\"1 minute\" \/>\n<script type=\"application\/ld+json\" class=\"yoast-schema-graph\">{\"@context\":\"https:\/\/schema.org\",\"@graph\":[{\"@type\":\"WebPage\",\"@id\":\"https:\/\/covid19-a-savoir.net\/index.php\/qua-dit-le-gel-hydroalcoolique-au-savon\/\",\"url\":\"https:\/\/covid19-a-savoir.net\/index.php\/qua-dit-le-gel-hydroalcoolique-au-savon\/\",\"name\":\"Qu\u2019a dit le gel hydroalcoolique au savon ? - Actualit\u00e9s, , .... Apr\u00e8s la p\u00e9riode &quot;covid19&quot;\",\"isPartOf\":{\"@id\":\"https:\/\/covid19-a-savoir.net\/#website\"},\"datePublished\":\"2025-01-10T12:52:59+00:00\",\"dateModified\":\"2025-01-10T12:53:01+00:00\",\"breadcrumb\":{\"@id\":\"https:\/\/covid19-a-savoir.net\/index.php\/qua-dit-le-gel-hydroalcoolique-au-savon\/#breadcrumb\"},\"inLanguage\":\"fr-FR\",\"potentialAction\":[{\"@type\":\"ReadAction\",\"target\":[\"https:\/\/covid19-a-savoir.net\/index.php\/qua-dit-le-gel-hydroalcoolique-au-savon\/\"]}]},{\"@type\":\"BreadcrumbList\",\"@id\":\"https:\/\/covid19-a-savoir.net\/index.php\/qua-dit-le-gel-hydroalcoolique-au-savon\/#breadcrumb\",\"itemListElement\":[{\"@type\":\"ListItem\",\"position\":1,\"name\":\"Accueil\",\"item\":\"https:\/\/covid19-a-savoir.net\/\"},{\"@type\":\"ListItem\",\"position\":2,\"name\":\"Qu\u2019a dit le gel hydroalcoolique au savon ?\"}]},{\"@type\":\"WebSite\",\"@id\":\"https:\/\/covid19-a-savoir.net\/#website\",\"url\":\"https:\/\/covid19-a-savoir.net\/\",\"name\":\"Actualit\u00e9s, , .... Apr\u00e8s la p\u00e9riode &quot;covid19&quot;\",\"description\":\"DES V\u00c9RIT\u00c9S QUI D\u00c9RANGENT\",\"publisher\":{\"@id\":\"https:\/\/covid19-a-savoir.net\/#\/schema\/person\/53265987e4424cc7dde2f857d2b378cf\"},\"potentialAction\":[{\"@type\":\"SearchAction\",\"target\":{\"@type\":\"EntryPoint\",\"urlTemplate\":\"https:\/\/covid19-a-savoir.net\/?s={search_term_string}\"},\"query-input\":\"required name=search_term_string\"}],\"inLanguage\":\"fr-FR\"},{\"@type\":[\"Person\",\"Organization\"],\"@id\":\"https:\/\/covid19-a-savoir.net\/#\/schema\/person\/53265987e4424cc7dde2f857d2b378cf\",\"name\":\"GS\",\"image\":{\"@type\":\"ImageObject\",\"inLanguage\":\"fr-FR\",\"@id\":\"https:\/\/covid19-a-savoir.net\/#\/schema\/person\/image\/\",\"url\":\"https:\/\/covid19-a-savoir.net\/wp-content\/uploads\/2022\/07\/dans-ce-monde-312x312-1.png\",\"contentUrl\":\"https:\/\/covid19-a-savoir.net\/wp-content\/uploads\/2022\/07\/dans-ce-monde-312x312-1.png\",\"width\":312,\"height\":312,\"caption\":\"GS\"},\"logo\":{\"@id\":\"https:\/\/covid19-a-savoir.net\/#\/schema\/person\/image\/\"},\"sameAs\":[\"http:\/\/covid19-a-savoir.net\"]}]}<\/script>\n<!-- \/ Yoast SEO plugin. -->","yoast_head_json":{"title":"Qu\u2019a dit le gel hydroalcoolique au savon ? - Actualit\u00e9s, , .... Apr\u00e8s la p\u00e9riode &quot;covid19&quot;","robots":{"index":"index","follow":"follow","max-snippet":"max-snippet:-1","max-image-preview":"max-image-preview:large","max-video-preview":"max-video-preview:-1"},"canonical":"https:\/\/covid19-a-savoir.net\/index.php\/qua-dit-le-gel-hydroalcoolique-au-savon\/","og_locale":"fr_FR","og_type":"article","og_title":"Qu\u2019a dit le gel hydroalcoolique au savon ? - Actualit\u00e9s, , .... Apr\u00e8s la p\u00e9riode &quot;covid19&quot;","og_description":"\u00ab\u00a0Ne t&rsquo;inqui\u00e8te pas, je vais prendre la rel\u00e8ve pour les paresseux !\u00a0\u00bb Le savon \u00e9tait en train de se pr\u00e9lasser,... Read moreQu\u2019a dit le gel hydroalcoolique au savon ?","og_url":"https:\/\/covid19-a-savoir.net\/index.php\/qua-dit-le-gel-hydroalcoolique-au-savon\/","og_site_name":"Actualit\u00e9s, , .... Apr\u00e8s la p\u00e9riode &quot;covid19&quot;","article_modified_time":"2025-01-10T12:53:01+00:00","twitter_card":"summary_large_image","twitter_misc":{"Dur\u00e9e de lecture estim\u00e9e":"1 minute"},"schema":{"@context":"https:\/\/schema.org","@graph":[{"@type":"WebPage","@id":"https:\/\/covid19-a-savoir.net\/index.php\/qua-dit-le-gel-hydroalcoolique-au-savon\/","url":"https:\/\/covid19-a-savoir.net\/index.php\/qua-dit-le-gel-hydroalcoolique-au-savon\/","name":"Qu\u2019a dit le gel hydroalcoolique au savon ? - Actualit\u00e9s, , .... Apr\u00e8s la p\u00e9riode &quot;covid19&quot;","isPartOf":{"@id":"https:\/\/covid19-a-savoir.net\/#website"},"datePublished":"2025-01-10T12:52:59+00:00","dateModified":"2025-01-10T12:53:01+00:00","breadcrumb":{"@id":"https:\/\/covid19-a-savoir.net\/index.php\/qua-dit-le-gel-hydroalcoolique-au-savon\/#breadcrumb"},"inLanguage":"fr-FR","potentialAction":[{"@type":"ReadAction","target":["https:\/\/covid19-a-savoir.net\/index.php\/qua-dit-le-gel-hydroalcoolique-au-savon\/"]}]},{"@type":"BreadcrumbList","@id":"https:\/\/covid19-a-savoir.net\/index.php\/qua-dit-le-gel-hydroalcoolique-au-savon\/#breadcrumb","itemListElement":[{"@type":"ListItem","position":1,"name":"Accueil","item":"https:\/\/covid19-a-savoir.net\/"},{"@type":"ListItem","position":2,"name":"Qu\u2019a dit le gel hydroalcoolique au savon ?"}]},{"@type":"WebSite","@id":"https:\/\/covid19-a-savoir.net\/#website","url":"https:\/\/covid19-a-savoir.net\/","name":"Actualit\u00e9s, , .... Apr\u00e8s la p\u00e9riode &quot;covid19&quot;","description":"DES V\u00c9RIT\u00c9S QUI D\u00c9RANGENT","publisher":{"@id":"https:\/\/covid19-a-savoir.net\/#\/schema\/person\/53265987e4424cc7dde2f857d2b378cf"},"potentialAction":[{"@type":"SearchAction","target":{"@type":"EntryPoint","urlTemplate":"https:\/\/covid19-a-savoir.net\/?s={search_term_string}"},"query-input":"required name=search_term_string"}],"inLanguage":"fr-FR"},{"@type":["Person","Organization"],"@id":"https:\/\/covid19-a-savoir.net\/#\/schema\/person\/53265987e4424cc7dde2f857d2b378cf","name":"GS","image":{"@type":"ImageObject","inLanguage":"fr-FR","@id":"https:\/\/covid19-a-savoir.net\/#\/schema\/person\/image\/","url":"https:\/\/covid19-a-savoir.net\/wp-content\/uploads\/2022\/07\/dans-ce-monde-312x312-1.png","contentUrl":"https:\/\/covid19-a-savoir.net\/wp-content\/uploads\/2022\/07\/dans-ce-monde-312x312-1.png","width":312,"height":312,"caption":"GS"},"logo":{"@id":"https:\/\/covid19-a-savoir.net\/#\/schema\/person\/image\/"},"sameAs":["http:\/\/covid19-a-savoir.net"]}]}},"jetpack_sharing_enabled":true,"_links":{"self":[{"href":"https:\/\/covid19-a-savoir.net\/index.php\/wp-json\/wp\/v2\/pages\/3209"}],"collection":[{"href":"https:\/\/covid19-a-savoir.net\/index.php\/wp-json\/wp\/v2\/pages"}],"about":[{"href":"https:\/\/covid19-a-savoir.net\/index.php\/wp-json\/wp\/v2\/types\/page"}],"author":[{"embeddable":true,"href":"https:\/\/covid19-a-savoir.net\/index.php\/wp-json\/wp\/v2\/users\/1"}],"replies":[{"embeddable":true,"href":"https:\/\/covid19-a-savoir.net\/index.php\/wp-json\/wp\/v2\/comments?post=3209"}],"version-history":[{"count":1,"href":"https:\/\/covid19-a-savoir.net\/index.php\/wp-json\/wp\/v2\/pages\/3209\/revisions"}],"predecessor-version":[{"id":3211,"href":"https:\/\/covid19-a-savoir.net\/index.php\/wp-json\/wp\/v2\/pages\/3209\/revisions\/3211"}],"wp:attachment":[{"href":"https:\/\/covid19-a-savoir.net\/index.php\/wp-json\/wp\/v2\/media?parent=3209"}],"curies":[{"name":"wp","href":"https:\/\/api.w.org\/{rel}","templated":true}]}}