{"id":3203,"date":"2025-01-10T12:50:18","date_gmt":"2025-01-10T12:50:18","guid":{"rendered":"https:\/\/covid19-a-savoir.net\/?page_id=3203"},"modified":"2025-01-10T12:50:19","modified_gmt":"2025-01-10T12:50:19","slug":"pourquoi-les-oiseaux-ne-se-sont-pas-inquietes-de-la-pandemie","status":"publish","type":"page","link":"https:\/\/covid19-a-savoir.net\/index.php\/pourquoi-les-oiseaux-ne-se-sont-pas-inquietes-de-la-pandemie\/","title":{"rendered":"Pourquoi les oiseaux ne se sont pas inqui\u00e9t\u00e9s de la pand\u00e9mie ?"},"content":{"rendered":"<div id=\"dslc-theme-content\"><div id=\"dslc-theme-content-inner\">\n<p class=\"has-white-color has-vivid-cyan-blue-background-color has-text-color has-background has-link-color wp-elements-97e61716191fd967bc1eb38b5f4a82ba\"><strong>Parce qu\u2019ils ont toujours respect\u00e9 les distances avec leurs ailes !<\/strong><\/p>\n\n\n\n<p>Les oiseaux, ces cr\u00e9atures fascinantes, ont travers\u00e9 la pand\u00e9mie sans jamais se laisser perturber. En effet, contrairement \u00e0 nous, ils ont toujours respect\u00e9 les r\u00e8gles de distanciation, mais d&rsquo;une mani\u00e8re bien \u00e0 eux : avec leurs ailes ! D&rsquo;une branche \u00e0 l&rsquo;autre, ils volent, chantent et s&rsquo;envolent sans jamais se grouper trop pr\u00e8s. Peut-\u00eatre que, dans leur monde, la distance est simplement une \u00e9vidence, un principe qu&rsquo;ils appliquent instinctivement depuis toujours. Et dans ce petit geste de nature, les oiseaux nous rappellent que parfois, il suffit d\u2019un peu de l\u00e9g\u00e8ret\u00e9 pour traverser les temp\u00eates. Si seulement nous pouvions apprendre \u00e0 l\u00e2cher prise avec autant de gr\u00e2ce\u2026<\/p>\n<\/div><\/div>","protected":false},"excerpt":{"rendered":"<p>Parce qu\u2019ils ont toujours respect\u00e9 les distances avec leurs ailes ! Les oiseaux, ces cr\u00e9atures fascinantes, ont travers\u00e9 la pand\u00e9mie&#8230; <a href=\"https:\/\/covid19-a-savoir.net\/index.php\/pourquoi-les-oiseaux-ne-se-sont-pas-inquietes-de-la-pandemie\/\" class=\"readmore\">Read more<span class=\"screen-reader-text\">Pourquoi les oiseaux ne se sont pas inqui\u00e9t\u00e9s de la pand\u00e9mie ?<\/span><span class=\"fa fa-angle-double-right\" aria-hidden=\"true\"><\/span><\/a><\/p>\n","protected":false},"author":1,"featured_media":0,"parent":0,"menu_order":0,"comment_status":"closed","ping_status":"closed","template":"","meta":{"footnotes":""},"yoast_head":"<!-- This site is optimized with the Yoast SEO plugin v23.2 - https:\/\/yoast.com\/wordpress\/plugins\/seo\/ -->\n<title>Pourquoi les oiseaux ne se sont pas inqui\u00e9t\u00e9s de la pand\u00e9mie ? - Actualit\u00e9s, , .... Apr\u00e8s la p\u00e9riode &quot;covid19&quot;<\/title>\n<meta name=\"robots\" content=\"index, follow, max-snippet:-1, max-image-preview:large, max-video-preview:-1\" \/>\n<link rel=\"canonical\" href=\"https:\/\/covid19-a-savoir.net\/index.php\/pourquoi-les-oiseaux-ne-se-sont-pas-inquietes-de-la-pandemie\/\" \/>\n<meta property=\"og:locale\" content=\"fr_FR\" \/>\n<meta property=\"og:type\" content=\"article\" \/>\n<meta property=\"og:title\" content=\"Pourquoi les oiseaux ne se sont pas inqui\u00e9t\u00e9s de la pand\u00e9mie ? - Actualit\u00e9s, , .... Apr\u00e8s la p\u00e9riode &quot;covid19&quot;\" \/>\n<meta property=\"og:description\" content=\"Parce qu\u2019ils ont toujours respect\u00e9 les distances avec leurs ailes ! Les oiseaux, ces cr\u00e9atures fascinantes, ont travers\u00e9 la pand\u00e9mie... Read morePourquoi les oiseaux ne se sont pas inqui\u00e9t\u00e9s de la pand\u00e9mie ?\" \/>\n<meta property=\"og:url\" content=\"https:\/\/covid19-a-savoir.net\/index.php\/pourquoi-les-oiseaux-ne-se-sont-pas-inquietes-de-la-pandemie\/\" \/>\n<meta property=\"og:site_name\" content=\"Actualit\u00e9s, , .... Apr\u00e8s la p\u00e9riode &quot;covid19&quot;\" \/>\n<meta property=\"article:modified_time\" content=\"2025-01-10T12:50:19+00:00\" \/>\n<meta name=\"twitter:card\" content=\"summary_large_image\" \/>\n<meta name=\"twitter:label1\" content=\"Dur\u00e9e de lecture estim\u00e9e\" \/>\n\t<meta name=\"twitter:data1\" content=\"1 minute\" \/>\n<script type=\"application\/ld+json\" class=\"yoast-schema-graph\">{\"@context\":\"https:\/\/schema.org\",\"@graph\":[{\"@type\":\"WebPage\",\"@id\":\"https:\/\/covid19-a-savoir.net\/index.php\/pourquoi-les-oiseaux-ne-se-sont-pas-inquietes-de-la-pandemie\/\",\"url\":\"https:\/\/covid19-a-savoir.net\/index.php\/pourquoi-les-oiseaux-ne-se-sont-pas-inquietes-de-la-pandemie\/\",\"name\":\"Pourquoi les oiseaux ne se sont pas inqui\u00e9t\u00e9s de la pand\u00e9mie ? - Actualit\u00e9s, , .... Apr\u00e8s la p\u00e9riode &quot;covid19&quot;\",\"isPartOf\":{\"@id\":\"https:\/\/covid19-a-savoir.net\/#website\"},\"datePublished\":\"2025-01-10T12:50:18+00:00\",\"dateModified\":\"2025-01-10T12:50:19+00:00\",\"breadcrumb\":{\"@id\":\"https:\/\/covid19-a-savoir.net\/index.php\/pourquoi-les-oiseaux-ne-se-sont-pas-inquietes-de-la-pandemie\/#breadcrumb\"},\"inLanguage\":\"fr-FR\",\"potentialAction\":[{\"@type\":\"ReadAction\",\"target\":[\"https:\/\/covid19-a-savoir.net\/index.php\/pourquoi-les-oiseaux-ne-se-sont-pas-inquietes-de-la-pandemie\/\"]}]},{\"@type\":\"BreadcrumbList\",\"@id\":\"https:\/\/covid19-a-savoir.net\/index.php\/pourquoi-les-oiseaux-ne-se-sont-pas-inquietes-de-la-pandemie\/#breadcrumb\",\"itemListElement\":[{\"@type\":\"ListItem\",\"position\":1,\"name\":\"Accueil\",\"item\":\"https:\/\/covid19-a-savoir.net\/\"},{\"@type\":\"ListItem\",\"position\":2,\"name\":\"Pourquoi les oiseaux ne se sont pas inqui\u00e9t\u00e9s de la pand\u00e9mie ?\"}]},{\"@type\":\"WebSite\",\"@id\":\"https:\/\/covid19-a-savoir.net\/#website\",\"url\":\"https:\/\/covid19-a-savoir.net\/\",\"name\":\"Actualit\u00e9s, , .... Apr\u00e8s la p\u00e9riode &quot;covid19&quot;\",\"description\":\"DES V\u00c9RIT\u00c9S QUI D\u00c9RANGENT\",\"publisher\":{\"@id\":\"https:\/\/covid19-a-savoir.net\/#\/schema\/person\/53265987e4424cc7dde2f857d2b378cf\"},\"potentialAction\":[{\"@type\":\"SearchAction\",\"target\":{\"@type\":\"EntryPoint\",\"urlTemplate\":\"https:\/\/covid19-a-savoir.net\/?s={search_term_string}\"},\"query-input\":\"required name=search_term_string\"}],\"inLanguage\":\"fr-FR\"},{\"@type\":[\"Person\",\"Organization\"],\"@id\":\"https:\/\/covid19-a-savoir.net\/#\/schema\/person\/53265987e4424cc7dde2f857d2b378cf\",\"name\":\"GS\",\"image\":{\"@type\":\"ImageObject\",\"inLanguage\":\"fr-FR\",\"@id\":\"https:\/\/covid19-a-savoir.net\/#\/schema\/person\/image\/\",\"url\":\"https:\/\/covid19-a-savoir.net\/wp-content\/uploads\/2022\/07\/dans-ce-monde-312x312-1.png\",\"contentUrl\":\"https:\/\/covid19-a-savoir.net\/wp-content\/uploads\/2022\/07\/dans-ce-monde-312x312-1.png\",\"width\":312,\"height\":312,\"caption\":\"GS\"},\"logo\":{\"@id\":\"https:\/\/covid19-a-savoir.net\/#\/schema\/person\/image\/\"},\"sameAs\":[\"http:\/\/covid19-a-savoir.net\"]}]}<\/script>\n<!-- \/ Yoast SEO plugin. -->","yoast_head_json":{"title":"Pourquoi les oiseaux ne se sont pas inqui\u00e9t\u00e9s de la pand\u00e9mie ? - Actualit\u00e9s, , .... Apr\u00e8s la p\u00e9riode &quot;covid19&quot;","robots":{"index":"index","follow":"follow","max-snippet":"max-snippet:-1","max-image-preview":"max-image-preview:large","max-video-preview":"max-video-preview:-1"},"canonical":"https:\/\/covid19-a-savoir.net\/index.php\/pourquoi-les-oiseaux-ne-se-sont-pas-inquietes-de-la-pandemie\/","og_locale":"fr_FR","og_type":"article","og_title":"Pourquoi les oiseaux ne se sont pas inqui\u00e9t\u00e9s de la pand\u00e9mie ? - Actualit\u00e9s, , .... Apr\u00e8s la p\u00e9riode &quot;covid19&quot;","og_description":"Parce qu\u2019ils ont toujours respect\u00e9 les distances avec leurs ailes ! Les oiseaux, ces cr\u00e9atures fascinantes, ont travers\u00e9 la pand\u00e9mie... Read morePourquoi les oiseaux ne se sont pas inqui\u00e9t\u00e9s de la pand\u00e9mie ?","og_url":"https:\/\/covid19-a-savoir.net\/index.php\/pourquoi-les-oiseaux-ne-se-sont-pas-inquietes-de-la-pandemie\/","og_site_name":"Actualit\u00e9s, , .... Apr\u00e8s la p\u00e9riode &quot;covid19&quot;","article_modified_time":"2025-01-10T12:50:19+00:00","twitter_card":"summary_large_image","twitter_misc":{"Dur\u00e9e de lecture estim\u00e9e":"1 minute"},"schema":{"@context":"https:\/\/schema.org","@graph":[{"@type":"WebPage","@id":"https:\/\/covid19-a-savoir.net\/index.php\/pourquoi-les-oiseaux-ne-se-sont-pas-inquietes-de-la-pandemie\/","url":"https:\/\/covid19-a-savoir.net\/index.php\/pourquoi-les-oiseaux-ne-se-sont-pas-inquietes-de-la-pandemie\/","name":"Pourquoi les oiseaux ne se sont pas inqui\u00e9t\u00e9s de la pand\u00e9mie ? - Actualit\u00e9s, , .... Apr\u00e8s la p\u00e9riode &quot;covid19&quot;","isPartOf":{"@id":"https:\/\/covid19-a-savoir.net\/#website"},"datePublished":"2025-01-10T12:50:18+00:00","dateModified":"2025-01-10T12:50:19+00:00","breadcrumb":{"@id":"https:\/\/covid19-a-savoir.net\/index.php\/pourquoi-les-oiseaux-ne-se-sont-pas-inquietes-de-la-pandemie\/#breadcrumb"},"inLanguage":"fr-FR","potentialAction":[{"@type":"ReadAction","target":["https:\/\/covid19-a-savoir.net\/index.php\/pourquoi-les-oiseaux-ne-se-sont-pas-inquietes-de-la-pandemie\/"]}]},{"@type":"BreadcrumbList","@id":"https:\/\/covid19-a-savoir.net\/index.php\/pourquoi-les-oiseaux-ne-se-sont-pas-inquietes-de-la-pandemie\/#breadcrumb","itemListElement":[{"@type":"ListItem","position":1,"name":"Accueil","item":"https:\/\/covid19-a-savoir.net\/"},{"@type":"ListItem","position":2,"name":"Pourquoi les oiseaux ne se sont pas inqui\u00e9t\u00e9s de la pand\u00e9mie ?"}]},{"@type":"WebSite","@id":"https:\/\/covid19-a-savoir.net\/#website","url":"https:\/\/covid19-a-savoir.net\/","name":"Actualit\u00e9s, , .... Apr\u00e8s la p\u00e9riode &quot;covid19&quot;","description":"DES V\u00c9RIT\u00c9S QUI D\u00c9RANGENT","publisher":{"@id":"https:\/\/covid19-a-savoir.net\/#\/schema\/person\/53265987e4424cc7dde2f857d2b378cf"},"potentialAction":[{"@type":"SearchAction","target":{"@type":"EntryPoint","urlTemplate":"https:\/\/covid19-a-savoir.net\/?s={search_term_string}"},"query-input":"required name=search_term_string"}],"inLanguage":"fr-FR"},{"@type":["Person","Organization"],"@id":"https:\/\/covid19-a-savoir.net\/#\/schema\/person\/53265987e4424cc7dde2f857d2b378cf","name":"GS","image":{"@type":"ImageObject","inLanguage":"fr-FR","@id":"https:\/\/covid19-a-savoir.net\/#\/schema\/person\/image\/","url":"https:\/\/covid19-a-savoir.net\/wp-content\/uploads\/2022\/07\/dans-ce-monde-312x312-1.png","contentUrl":"https:\/\/covid19-a-savoir.net\/wp-content\/uploads\/2022\/07\/dans-ce-monde-312x312-1.png","width":312,"height":312,"caption":"GS"},"logo":{"@id":"https:\/\/covid19-a-savoir.net\/#\/schema\/person\/image\/"},"sameAs":["http:\/\/covid19-a-savoir.net"]}]}},"jetpack_sharing_enabled":true,"_links":{"self":[{"href":"https:\/\/covid19-a-savoir.net\/index.php\/wp-json\/wp\/v2\/pages\/3203"}],"collection":[{"href":"https:\/\/covid19-a-savoir.net\/index.php\/wp-json\/wp\/v2\/pages"}],"about":[{"href":"https:\/\/covid19-a-savoir.net\/index.php\/wp-json\/wp\/v2\/types\/page"}],"author":[{"embeddable":true,"href":"https:\/\/covid19-a-savoir.net\/index.php\/wp-json\/wp\/v2\/users\/1"}],"replies":[{"embeddable":true,"href":"https:\/\/covid19-a-savoir.net\/index.php\/wp-json\/wp\/v2\/comments?post=3203"}],"version-history":[{"count":1,"href":"https:\/\/covid19-a-savoir.net\/index.php\/wp-json\/wp\/v2\/pages\/3203\/revisions"}],"predecessor-version":[{"id":3206,"href":"https:\/\/covid19-a-savoir.net\/index.php\/wp-json\/wp\/v2\/pages\/3203\/revisions\/3206"}],"wp:attachment":[{"href":"https:\/\/covid19-a-savoir.net\/index.php\/wp-json\/wp\/v2\/media?parent=3203"}],"curies":[{"name":"wp","href":"https:\/\/api.w.org\/{rel}","templated":true}]}}