{"id":2190,"date":"2022-11-22T15:18:00","date_gmt":"2022-11-22T15:18:00","guid":{"rendered":"https:\/\/covid19-a-savoir.net\/?page_id=2190"},"modified":"2023-02-22T14:33:43","modified_gmt":"2023-02-22T14:33:43","slug":"comment-se-proteger-des-ondes-chez-vous","status":"publish","type":"page","link":"https:\/\/covid19-a-savoir.net\/index.php\/comment-se-proteger-des-ondes-chez-vous\/","title":{"rendered":"Comment se prot\u00e9ger des ondes chez vous"},"content":{"rendered":"<div id=\"dslc-theme-content\"><div id=\"dslc-theme-content-inner\">\n<div class=\"wp-block-columns is-layout-flex wp-container-core-columns-is-layout-1 wp-block-columns-is-layout-flex\">\n<div class=\"wp-block-column is-layout-flow wp-block-column-is-layout-flow\"><\/div>\n\n\n\n<div class=\"wp-block-column is-layout-flow wp-block-column-is-layout-flow\">\n<figure class=\"wp-block-audio\"><audio controls src=\"https:\/\/covid19-a-savoir.net\/wp-content\/uploads\/2023\/02\/Comment-se-proteger-des-ondes-chez-vous-cov19.mp3\"><\/audio><figcaption>Comment se prot\u00e9ger des ondes chez vous-cov19<\/figcaption><\/figure>\n<\/div>\n\n\n\n<div class=\"wp-block-column is-layout-flow wp-block-column-is-layout-flow\"><\/div>\n<\/div>\n\n\n\n<p>Les ondes \u00e9lectromagn\u00e9tiques sont des radiations invisibles qui \u00e9manent de nombreux appareils \u00e9lectroniques et \u00e9lectriques pr\u00e9sents dans nos foyers. Bien que les niveaux d&rsquo;exposition aux ondes \u00e9lectromagn\u00e9tiques soient g\u00e9n\u00e9ralement consid\u00e9r\u00e9s comme sans danger pour la sant\u00e9, il est possible de prendre certaines mesures pour r\u00e9duire leur exposition. Voici quelques conseils pour se prot\u00e9ger des ondes \u00e9lectromagn\u00e9tiques chez vous :<\/p>\n\n\n\n<ol><li>\u00c9loignez-vous des sources d&rsquo;\u00e9missions : \u00c9loignez-vous autant que possible des sources d&rsquo;\u00e9missions d&rsquo;ondes \u00e9lectromagn\u00e9tiques, telles que les antennes relais, les transformateurs \u00e9lectriques, les lignes haute tension, les fours \u00e0 micro-ondes et les \u00e9metteurs de t\u00e9l\u00e9vision et de radio.<\/li><li>Utilisez des appareils \u00e0 faible \u00e9mission : Utilisez des appareils \u00e9lectroniques et \u00e9lectriques qui \u00e9mettent des niveaux d&rsquo;ondes \u00e9lectromagn\u00e9tiques les plus bas possibles. Vous pouvez consulter les caract\u00e9ristiques techniques des appareils pour choisir des mod\u00e8les qui \u00e9mettent peu d&rsquo;ondes.<\/li><li>\u00c9teignez les appareils : \u00c9teignez les appareils \u00e9lectroniques et \u00e9lectriques lorsque vous ne les utilisez pas. Les appareils en veille continuent d&rsquo;\u00e9mettre des ondes \u00e9lectromagn\u00e9tiques, m\u00eame s&rsquo;ils ne sont pas utilis\u00e9s.<\/li><li>Utilisez des protections pour les appareils : Utilisez des protections pour les appareils \u00e9lectroniques qui limitent l&rsquo;\u00e9mission d&rsquo;ondes \u00e9lectromagn\u00e9tiques. Par exemple, vous pouvez utiliser des housses de protection pour les t\u00e9l\u00e9phones portables, des c\u00e2bles blind\u00e9s pour les ordinateurs, et des filtres pour les prises \u00e9lectriques.<\/li><li>Am\u00e9nagez votre espace : Am\u00e9nagez votre espace de vie de mani\u00e8re \u00e0 limiter votre exposition aux ondes \u00e9lectromagn\u00e9tiques. \u00c9vitez de placer votre lit \u00e0 c\u00f4t\u00e9 de prises \u00e9lectriques ou d&rsquo;appareils \u00e9lectroniques, et \u00e9loignez-les autant que possible de votre espace de travail et de d\u00e9tente.<\/li><\/ol>\n\n\n\n<p>En suivant ces conseils, vous pouvez r\u00e9duire votre exposition aux ondes \u00e9lectromagn\u00e9tiques dans votre environnement domestique. Cependant, il est important de garder \u00e0 l&rsquo;esprit que les niveaux d&rsquo;exposition aux ondes \u00e9lectromagn\u00e9tiques sont g\u00e9n\u00e9ralement consid\u00e9r\u00e9s comme sans danger pour la sant\u00e9, et que ces mesures de protection doivent \u00eatre mises en place uniquement si vous \u00eates particuli\u00e8rement sensible ou pr\u00e9occup\u00e9 par l&rsquo;exposition aux ondes.<\/p>\n\n\n\n<div class=\"wp-block-columns is-layout-flex wp-container-core-columns-is-layout-2 wp-block-columns-is-layout-flex\">\n<div class=\"wp-block-column is-layout-flow wp-block-column-is-layout-flow\">\n<p class=\"has-small-font-size\">Comment se PROT\u00c9GER des ondes pour SEULEMENT 10 \u20ac<\/p>\n\n\n\n<iframe width=\"260\" height=\"115\" src=\"https:\/\/www.youtube.com\/embed\/anaTWbS9WMU\" title=\"YouTube video player\" frameborder=\"0\" allow=\"accelerometer; autoplay; clipboard-write; encrypted-media; gyroscope; picture-in-picture\" allowfullscreen=\"\"><\/iframe>\n<\/div>\n\n\n\n<div class=\"wp-block-column is-layout-flow wp-block-column-is-layout-flow\">\n<p class=\"has-small-font-size\">Preuves scientifiques de la nocivit\u00e9 des ondes \u00e9lectromagn\u00e9tiques !<\/p>\n\n\n\n<iframe width=\"260\" height=\"115\" src=\"https:\/\/www.youtube.com\/embed\/mR0EEngUNeY\" title=\"YouTube video player\" frameborder=\"0\" allow=\"accelerometer; autoplay; clipboard-write; encrypted-media; gyroscope; picture-in-picture\" allowfullscreen=\"\"><\/iframe>\n<\/div>\n\n\n\n<div class=\"wp-block-column is-layout-flow wp-block-column-is-layout-flow\">\n<figure class=\"wp-block-image size-large\"><a href=\"https:\/\/lavieaunaturelle.com\/?page_id=429\"><img fetchpriority=\"high\" decoding=\"async\" width=\"1024\" height=\"1024\" src=\"https:\/\/covid19-a-savoir.net\/wp-content\/uploads\/2022\/11\/Preuves-scientifiques-de-la-nocivite-des-ondes-electromagnetiques-1-1024x1024.png\" alt=\"\" class=\"wp-image-2192\" srcset=\"https:\/\/covid19-a-savoir.net\/wp-content\/uploads\/2022\/11\/Preuves-scientifiques-de-la-nocivite-des-ondes-electromagnetiques-1-1024x1024.png 1024w, https:\/\/covid19-a-savoir.net\/wp-content\/uploads\/2022\/11\/Preuves-scientifiques-de-la-nocivite-des-ondes-electromagnetiques-1-300x300.png 300w, https:\/\/covid19-a-savoir.net\/wp-content\/uploads\/2022\/11\/Preuves-scientifiques-de-la-nocivite-des-ondes-electromagnetiques-1-150x150.png 150w, https:\/\/covid19-a-savoir.net\/wp-content\/uploads\/2022\/11\/Preuves-scientifiques-de-la-nocivite-des-ondes-electromagnetiques-1-768x768.png 768w, https:\/\/covid19-a-savoir.net\/wp-content\/uploads\/2022\/11\/Preuves-scientifiques-de-la-nocivite-des-ondes-electromagnetiques-1.png 1080w\" sizes=\"(max-width: 1024px) 100vw, 1024px\" \/><\/a><\/figure>\n<\/div>\n<\/div>\n<\/div><\/div>","protected":false},"excerpt":{"rendered":"<p>Les ondes \u00e9lectromagn\u00e9tiques sont des radiations invisibles qui \u00e9manent de nombreux appareils \u00e9lectroniques et \u00e9lectriques pr\u00e9sents dans nos foyers. Bien&#8230; <a href=\"https:\/\/covid19-a-savoir.net\/index.php\/comment-se-proteger-des-ondes-chez-vous\/\" class=\"readmore\">Read more<span class=\"screen-reader-text\">Comment se prot\u00e9ger des ondes chez vous<\/span><span class=\"fa fa-angle-double-right\" aria-hidden=\"true\"><\/span><\/a><\/p>\n","protected":false},"author":1,"featured_media":0,"parent":0,"menu_order":0,"comment_status":"closed","ping_status":"closed","template":"","meta":{"footnotes":""},"yoast_head":"<!-- This site is optimized with the Yoast SEO plugin v23.2 - https:\/\/yoast.com\/wordpress\/plugins\/seo\/ -->\n<title>Comment se prot\u00e9ger des ondes chez vous - Actualit\u00e9s, , .... Apr\u00e8s la p\u00e9riode &quot;covid19&quot;<\/title>\n<meta name=\"robots\" content=\"index, follow, max-snippet:-1, max-image-preview:large, max-video-preview:-1\" \/>\n<link rel=\"canonical\" href=\"https:\/\/covid19-a-savoir.net\/index.php\/comment-se-proteger-des-ondes-chez-vous\/\" \/>\n<meta property=\"og:locale\" content=\"fr_FR\" \/>\n<meta property=\"og:type\" content=\"article\" \/>\n<meta property=\"og:title\" content=\"Comment se prot\u00e9ger des ondes chez vous - Actualit\u00e9s, , .... Apr\u00e8s la p\u00e9riode &quot;covid19&quot;\" \/>\n<meta property=\"og:description\" content=\"Les ondes \u00e9lectromagn\u00e9tiques sont des radiations invisibles qui \u00e9manent de nombreux appareils \u00e9lectroniques et \u00e9lectriques pr\u00e9sents dans nos foyers. Bien... Read moreComment se prot\u00e9ger des ondes chez vous\" \/>\n<meta property=\"og:url\" content=\"https:\/\/covid19-a-savoir.net\/index.php\/comment-se-proteger-des-ondes-chez-vous\/\" \/>\n<meta property=\"og:site_name\" content=\"Actualit\u00e9s, , .... Apr\u00e8s la p\u00e9riode &quot;covid19&quot;\" \/>\n<meta property=\"article:modified_time\" content=\"2023-02-22T14:33:43+00:00\" \/>\n<meta property=\"og:image\" content=\"https:\/\/covid19-a-savoir.net\/wp-content\/uploads\/2022\/11\/Preuves-scientifiques-de-la-nocivite-des-ondes-electromagnetiques-1-1024x1024.png\" \/>\n<meta name=\"twitter:card\" content=\"summary_large_image\" \/>\n<meta name=\"twitter:label1\" content=\"Dur\u00e9e de lecture estim\u00e9e\" \/>\n\t<meta name=\"twitter:data1\" content=\"2 minutes\" \/>\n<script type=\"application\/ld+json\" class=\"yoast-schema-graph\">{\"@context\":\"https:\/\/schema.org\",\"@graph\":[{\"@type\":\"WebPage\",\"@id\":\"https:\/\/covid19-a-savoir.net\/index.php\/comment-se-proteger-des-ondes-chez-vous\/\",\"url\":\"https:\/\/covid19-a-savoir.net\/index.php\/comment-se-proteger-des-ondes-chez-vous\/\",\"name\":\"Comment se prot\u00e9ger des ondes chez vous - Actualit\u00e9s, , .... Apr\u00e8s la p\u00e9riode &quot;covid19&quot;\",\"isPartOf\":{\"@id\":\"https:\/\/covid19-a-savoir.net\/#website\"},\"primaryImageOfPage\":{\"@id\":\"https:\/\/covid19-a-savoir.net\/index.php\/comment-se-proteger-des-ondes-chez-vous\/#primaryimage\"},\"image\":{\"@id\":\"https:\/\/covid19-a-savoir.net\/index.php\/comment-se-proteger-des-ondes-chez-vous\/#primaryimage\"},\"thumbnailUrl\":\"https:\/\/covid19-a-savoir.net\/wp-content\/uploads\/2022\/11\/Preuves-scientifiques-de-la-nocivite-des-ondes-electromagnetiques-1-1024x1024.png\",\"datePublished\":\"2022-11-22T15:18:00+00:00\",\"dateModified\":\"2023-02-22T14:33:43+00:00\",\"breadcrumb\":{\"@id\":\"https:\/\/covid19-a-savoir.net\/index.php\/comment-se-proteger-des-ondes-chez-vous\/#breadcrumb\"},\"inLanguage\":\"fr-FR\",\"potentialAction\":[{\"@type\":\"ReadAction\",\"target\":[\"https:\/\/covid19-a-savoir.net\/index.php\/comment-se-proteger-des-ondes-chez-vous\/\"]}]},{\"@type\":\"ImageObject\",\"inLanguage\":\"fr-FR\",\"@id\":\"https:\/\/covid19-a-savoir.net\/index.php\/comment-se-proteger-des-ondes-chez-vous\/#primaryimage\",\"url\":\"https:\/\/covid19-a-savoir.net\/wp-content\/uploads\/2022\/11\/Preuves-scientifiques-de-la-nocivite-des-ondes-electromagnetiques-1.png\",\"contentUrl\":\"https:\/\/covid19-a-savoir.net\/wp-content\/uploads\/2022\/11\/Preuves-scientifiques-de-la-nocivite-des-ondes-electromagnetiques-1.png\",\"width\":1080,\"height\":1080},{\"@type\":\"BreadcrumbList\",\"@id\":\"https:\/\/covid19-a-savoir.net\/index.php\/comment-se-proteger-des-ondes-chez-vous\/#breadcrumb\",\"itemListElement\":[{\"@type\":\"ListItem\",\"position\":1,\"name\":\"Accueil\",\"item\":\"https:\/\/covid19-a-savoir.net\/\"},{\"@type\":\"ListItem\",\"position\":2,\"name\":\"Comment se prot\u00e9ger des ondes chez vous\"}]},{\"@type\":\"WebSite\",\"@id\":\"https:\/\/covid19-a-savoir.net\/#website\",\"url\":\"https:\/\/covid19-a-savoir.net\/\",\"name\":\"Actualit\u00e9s, , .... Apr\u00e8s la p\u00e9riode &quot;covid19&quot;\",\"description\":\"DES V\u00c9RIT\u00c9S QUI D\u00c9RANGENT\",\"publisher\":{\"@id\":\"https:\/\/covid19-a-savoir.net\/#\/schema\/person\/53265987e4424cc7dde2f857d2b378cf\"},\"potentialAction\":[{\"@type\":\"SearchAction\",\"target\":{\"@type\":\"EntryPoint\",\"urlTemplate\":\"https:\/\/covid19-a-savoir.net\/?s={search_term_string}\"},\"query-input\":\"required name=search_term_string\"}],\"inLanguage\":\"fr-FR\"},{\"@type\":[\"Person\",\"Organization\"],\"@id\":\"https:\/\/covid19-a-savoir.net\/#\/schema\/person\/53265987e4424cc7dde2f857d2b378cf\",\"name\":\"GS\",\"image\":{\"@type\":\"ImageObject\",\"inLanguage\":\"fr-FR\",\"@id\":\"https:\/\/covid19-a-savoir.net\/#\/schema\/person\/image\/\",\"url\":\"https:\/\/covid19-a-savoir.net\/wp-content\/uploads\/2022\/07\/dans-ce-monde-312x312-1.png\",\"contentUrl\":\"https:\/\/covid19-a-savoir.net\/wp-content\/uploads\/2022\/07\/dans-ce-monde-312x312-1.png\",\"width\":312,\"height\":312,\"caption\":\"GS\"},\"logo\":{\"@id\":\"https:\/\/covid19-a-savoir.net\/#\/schema\/person\/image\/\"},\"sameAs\":[\"http:\/\/covid19-a-savoir.net\"]}]}<\/script>\n<!-- \/ Yoast SEO plugin. -->","yoast_head_json":{"title":"Comment se prot\u00e9ger des ondes chez vous - Actualit\u00e9s, , .... Apr\u00e8s la p\u00e9riode &quot;covid19&quot;","robots":{"index":"index","follow":"follow","max-snippet":"max-snippet:-1","max-image-preview":"max-image-preview:large","max-video-preview":"max-video-preview:-1"},"canonical":"https:\/\/covid19-a-savoir.net\/index.php\/comment-se-proteger-des-ondes-chez-vous\/","og_locale":"fr_FR","og_type":"article","og_title":"Comment se prot\u00e9ger des ondes chez vous - Actualit\u00e9s, , .... Apr\u00e8s la p\u00e9riode &quot;covid19&quot;","og_description":"Les ondes \u00e9lectromagn\u00e9tiques sont des radiations invisibles qui \u00e9manent de nombreux appareils \u00e9lectroniques et \u00e9lectriques pr\u00e9sents dans nos foyers. Bien... Read moreComment se prot\u00e9ger des ondes chez vous","og_url":"https:\/\/covid19-a-savoir.net\/index.php\/comment-se-proteger-des-ondes-chez-vous\/","og_site_name":"Actualit\u00e9s, , .... Apr\u00e8s la p\u00e9riode &quot;covid19&quot;","article_modified_time":"2023-02-22T14:33:43+00:00","og_image":[{"url":"https:\/\/covid19-a-savoir.net\/wp-content\/uploads\/2022\/11\/Preuves-scientifiques-de-la-nocivite-des-ondes-electromagnetiques-1-1024x1024.png"}],"twitter_card":"summary_large_image","twitter_misc":{"Dur\u00e9e de lecture estim\u00e9e":"2 minutes"},"schema":{"@context":"https:\/\/schema.org","@graph":[{"@type":"WebPage","@id":"https:\/\/covid19-a-savoir.net\/index.php\/comment-se-proteger-des-ondes-chez-vous\/","url":"https:\/\/covid19-a-savoir.net\/index.php\/comment-se-proteger-des-ondes-chez-vous\/","name":"Comment se prot\u00e9ger des ondes chez vous - Actualit\u00e9s, , .... Apr\u00e8s la p\u00e9riode &quot;covid19&quot;","isPartOf":{"@id":"https:\/\/covid19-a-savoir.net\/#website"},"primaryImageOfPage":{"@id":"https:\/\/covid19-a-savoir.net\/index.php\/comment-se-proteger-des-ondes-chez-vous\/#primaryimage"},"image":{"@id":"https:\/\/covid19-a-savoir.net\/index.php\/comment-se-proteger-des-ondes-chez-vous\/#primaryimage"},"thumbnailUrl":"https:\/\/covid19-a-savoir.net\/wp-content\/uploads\/2022\/11\/Preuves-scientifiques-de-la-nocivite-des-ondes-electromagnetiques-1-1024x1024.png","datePublished":"2022-11-22T15:18:00+00:00","dateModified":"2023-02-22T14:33:43+00:00","breadcrumb":{"@id":"https:\/\/covid19-a-savoir.net\/index.php\/comment-se-proteger-des-ondes-chez-vous\/#breadcrumb"},"inLanguage":"fr-FR","potentialAction":[{"@type":"ReadAction","target":["https:\/\/covid19-a-savoir.net\/index.php\/comment-se-proteger-des-ondes-chez-vous\/"]}]},{"@type":"ImageObject","inLanguage":"fr-FR","@id":"https:\/\/covid19-a-savoir.net\/index.php\/comment-se-proteger-des-ondes-chez-vous\/#primaryimage","url":"https:\/\/covid19-a-savoir.net\/wp-content\/uploads\/2022\/11\/Preuves-scientifiques-de-la-nocivite-des-ondes-electromagnetiques-1.png","contentUrl":"https:\/\/covid19-a-savoir.net\/wp-content\/uploads\/2022\/11\/Preuves-scientifiques-de-la-nocivite-des-ondes-electromagnetiques-1.png","width":1080,"height":1080},{"@type":"BreadcrumbList","@id":"https:\/\/covid19-a-savoir.net\/index.php\/comment-se-proteger-des-ondes-chez-vous\/#breadcrumb","itemListElement":[{"@type":"ListItem","position":1,"name":"Accueil","item":"https:\/\/covid19-a-savoir.net\/"},{"@type":"ListItem","position":2,"name":"Comment se prot\u00e9ger des ondes chez vous"}]},{"@type":"WebSite","@id":"https:\/\/covid19-a-savoir.net\/#website","url":"https:\/\/covid19-a-savoir.net\/","name":"Actualit\u00e9s, , .... Apr\u00e8s la p\u00e9riode &quot;covid19&quot;","description":"DES V\u00c9RIT\u00c9S QUI D\u00c9RANGENT","publisher":{"@id":"https:\/\/covid19-a-savoir.net\/#\/schema\/person\/53265987e4424cc7dde2f857d2b378cf"},"potentialAction":[{"@type":"SearchAction","target":{"@type":"EntryPoint","urlTemplate":"https:\/\/covid19-a-savoir.net\/?s={search_term_string}"},"query-input":"required name=search_term_string"}],"inLanguage":"fr-FR"},{"@type":["Person","Organization"],"@id":"https:\/\/covid19-a-savoir.net\/#\/schema\/person\/53265987e4424cc7dde2f857d2b378cf","name":"GS","image":{"@type":"ImageObject","inLanguage":"fr-FR","@id":"https:\/\/covid19-a-savoir.net\/#\/schema\/person\/image\/","url":"https:\/\/covid19-a-savoir.net\/wp-content\/uploads\/2022\/07\/dans-ce-monde-312x312-1.png","contentUrl":"https:\/\/covid19-a-savoir.net\/wp-content\/uploads\/2022\/07\/dans-ce-monde-312x312-1.png","width":312,"height":312,"caption":"GS"},"logo":{"@id":"https:\/\/covid19-a-savoir.net\/#\/schema\/person\/image\/"},"sameAs":["http:\/\/covid19-a-savoir.net"]}]}},"jetpack_sharing_enabled":true,"_links":{"self":[{"href":"https:\/\/covid19-a-savoir.net\/index.php\/wp-json\/wp\/v2\/pages\/2190"}],"collection":[{"href":"https:\/\/covid19-a-savoir.net\/index.php\/wp-json\/wp\/v2\/pages"}],"about":[{"href":"https:\/\/covid19-a-savoir.net\/index.php\/wp-json\/wp\/v2\/types\/page"}],"author":[{"embeddable":true,"href":"https:\/\/covid19-a-savoir.net\/index.php\/wp-json\/wp\/v2\/users\/1"}],"replies":[{"embeddable":true,"href":"https:\/\/covid19-a-savoir.net\/index.php\/wp-json\/wp\/v2\/comments?post=2190"}],"version-history":[{"count":2,"href":"https:\/\/covid19-a-savoir.net\/index.php\/wp-json\/wp\/v2\/pages\/2190\/revisions"}],"predecessor-version":[{"id":2446,"href":"https:\/\/covid19-a-savoir.net\/index.php\/wp-json\/wp\/v2\/pages\/2190\/revisions\/2446"}],"wp:attachment":[{"href":"https:\/\/covid19-a-savoir.net\/index.php\/wp-json\/wp\/v2\/media?parent=2190"}],"curies":[{"name":"wp","href":"https:\/\/api.w.org\/{rel}","templated":true}]}}